{"id":128,"date":"2020-10-09T02:32:54","date_gmt":"2020-10-09T02:32:54","guid":{"rendered":"https:\/\/blog.samantha365mx.com\/?page_id=128"},"modified":"2023-12-04T01:14:46","modified_gmt":"2023-12-04T07:14:46","slug":"comunidades","status":"publish","type":"page","link":"https:\/\/blog.samantha365mx.com\/index.php\/comunidades\/","title":{"rendered":"Comunidades"},"content":{"rendered":"\n<p>Soy fundadora diversas comunidades de tecnolog\u00eda, te invito a participar en alguna de ellas para que fortalezcas tus competencias en este \u00e1mbito.<\/p>\n\n\n\n<figure class=\"wp-block-image size-large\"><a href=\"www.mujeresticslatam.com\"><img loading=\"lazy\" decoding=\"async\" width=\"1024\" height=\"374\" src=\"https:\/\/blog.samantha365mx.com\/wp-content\/uploads\/2023\/06\/image-1-1024x374.png\" alt=\"\" class=\"wp-image-806\" srcset=\"https:\/\/blog.samantha365mx.com\/wp-content\/uploads\/2023\/06\/image-1-1024x374.png 1024w, https:\/\/blog.samantha365mx.com\/wp-content\/uploads\/2023\/06\/image-1-300x110.png 300w, https:\/\/blog.samantha365mx.com\/wp-content\/uploads\/2023\/06\/image-1-768x280.png 768w, https:\/\/blog.samantha365mx.com\/wp-content\/uploads\/2023\/06\/image-1.png 1063w\" sizes=\"auto, (max-width: 1024px) 100vw, 1024px\" \/><\/a><figcaption class=\"wp-element-caption\">La comunidad Mujeres TICS Latam la fund\u00e9 en conjunto con Ernesto Cuadra, para impulsar el desarrollo de las mujeres en el \u00e1rea de t\u00e9cnol\u00f3gica en el habla hispana, lo que nos ha llevado a tener alumnos de 23 pa\u00edses desde su fundaci\u00f3n en Agosto 2021, colaborando en que decenas de nuestros estudiantes alcancen la certificaci\u00f3n en tecnolog\u00edas Microsoft principalmente. es la labor altruista en donde puede participar qui\u00e9n quiea aprender, m\u00e1s informaci\u00f3n en: <a rel=\"noreferrer noopener\" href=\"http:\/\/www.mujeresticslatam.com\" target=\"_blank\"><strong>http:\/\/www.mujeresticslatam.com<\/strong><\/a> registro gratuito: <strong><a rel=\"noreferrer noopener\" href=\"https:\/\/forms.office.com\/r\/dEKQuBiPuj\" target=\"_blank\">https:\/\/forms.office.com\/r\/dEKQuBiPuj<\/a><\/strong><\/figcaption><\/figure>\n\n\n<div class=\"wp-block-image\">\n<figure class=\"aligncenter size-large\"><img loading=\"lazy\" decoding=\"async\" width=\"1024\" height=\"537\" src=\"https:\/\/blog.samantha365mx.com\/wp-content\/uploads\/2023\/12\/image-4-1024x537.png\" alt=\"\" class=\"wp-image-873\" srcset=\"https:\/\/blog.samantha365mx.com\/wp-content\/uploads\/2023\/12\/image-4-1024x537.png 1024w, https:\/\/blog.samantha365mx.com\/wp-content\/uploads\/2023\/12\/image-4-300x157.png 300w, https:\/\/blog.samantha365mx.com\/wp-content\/uploads\/2023\/12\/image-4-768x402.png 768w, https:\/\/blog.samantha365mx.com\/wp-content\/uploads\/2023\/12\/image-4.png 1080w\" sizes=\"auto, (max-width: 1024px) 100vw, 1024px\" \/><figcaption class=\"wp-element-caption\">La primer comunidad en M\u00e9xico enfocada a dar a conocer las aplicaciones de Office365 y Microsoft365 en Espa\u00f1ol, con grandes eventos internacionales presenciales y en l\u00ednea con los que se tiene retroalimentaci\u00f3n de como especialistas y partners Microsoft. Antes se llamaba Office 365 en Espa\u00f1ol y en el 2023 se transforma a Comunidad Microsoft 365 Latam. <a href=\"https:\/\/www.facebook.com\/groups\/comunidadmicrosoft365latam\" target=\"_blank\" rel=\"noreferrer noopener\">https:\/\/www.facebook.com\/groups\/comunidadmicrosoft365latam<\/a><\/figcaption><\/figure><\/div>\n\n\n<figure class=\"wp-block-image size-large\"><img loading=\"lazy\" decoding=\"async\" width=\"1024\" height=\"448\" src=\"https:\/\/blog.samantha365mx.com\/wp-content\/uploads\/2021\/01\/MSU-1024x448.jpg\" alt=\"\" class=\"wp-image-158\" srcset=\"https:\/\/blog.samantha365mx.com\/wp-content\/uploads\/2021\/01\/MSU-1024x448.jpg 1024w, https:\/\/blog.samantha365mx.com\/wp-content\/uploads\/2021\/01\/MSU-300x131.jpg 300w, https:\/\/blog.samantha365mx.com\/wp-content\/uploads\/2021\/01\/MSU-768x336.jpg 768w, https:\/\/blog.samantha365mx.com\/wp-content\/uploads\/2021\/01\/MSU.jpg 1168w\" sizes=\"auto, (max-width: 1024px) 100vw, 1024px\" \/><figcaption class=\"wp-element-caption\">La Comunidad Microsoft-UPIICSA es una comunidad de estudiantes para estudiantes, que tuve el agrado de fundar hacer en abril de 2006 siendo estudiante en el \u00faltimo a\u00f1o de la universidad, y que sigue vigente a la fecha acercando el uso de las tecnolog\u00edas empresariales, ent\u00e9rate de todo lo que se hace en: <a rel=\"noreferrer noopener\" href=\"https:\/\/www.facebook.com\/microsoftupiicsa\" target=\"_blank\">https:\/\/www.facebook.com\/microsoftupiicsa <\/a><\/figcaption><\/figure>\n\n\n\n<figure class=\"wp-block-image size-large\"><a href=\"https:\/\/blog.samantha365mx.com\/index.php\/programa-de-mentoria\/\"><img loading=\"lazy\" decoding=\"async\" width=\"1024\" height=\"580\" src=\"https:\/\/blog.samantha365mx.com\/wp-content\/uploads\/2021\/02\/mentoria-1024x580.png\" alt=\"\" class=\"wp-image-387\" srcset=\"https:\/\/blog.samantha365mx.com\/wp-content\/uploads\/2021\/02\/mentoria-1024x580.png 1024w, https:\/\/blog.samantha365mx.com\/wp-content\/uploads\/2021\/02\/mentoria-300x170.png 300w, https:\/\/blog.samantha365mx.com\/wp-content\/uploads\/2021\/02\/mentoria-768x435.png 768w, https:\/\/blog.samantha365mx.com\/wp-content\/uploads\/2021\/02\/mentoria.png 1225w\" sizes=\"auto, (max-width: 1024px) 100vw, 1024px\" \/><\/a><figcaption class=\"wp-element-caption\">Un programa enfocado a ayudar a personas que no saben de tecnolog\u00eda o tienen conocimientos muy b\u00e1sicos y cuyos recursos no les permiten mantenerse al d\u00eda, y tienen el compromiso para aprender y salir adelante para ayudar a su familia. Si te interesa escribeme, el mentoring dura 3 meses y solo ayudo en este aspecto a 1 o 2 personas al mismo tiempo con la finalidad de que puedan replicarlo en su entorno, puede seguir participando en las comunidades para mejorar sus habilidades t\u00e9cnicas. <strong><a href=\"mailto:samantha@samantha365mx.com\" target=\"_blank\" rel=\"noreferrer noopener\">samantha@samantha365mx.com<\/a><\/strong><\/figcaption><\/figure>\n","protected":false},"excerpt":{"rendered":"<p class=\"text-justify\">Soy fundadora diversas comunidades de tecnolog\u00eda, te invito a participar en alguna de ellas para que fortalezcas tus competencias en este \u00e1mbito.<\/p>\n","protected":false},"author":2,"featured_media":0,"parent":0,"menu_order":0,"comment_status":"closed","ping_status":"closed","template":"","meta":{"footnotes":""},"class_list":["post-128","page","type-page","status-publish","hentry"],"_links":{"self":[{"href":"https:\/\/blog.samantha365mx.com\/index.php\/wp-json\/wp\/v2\/pages\/128","targetHints":{"allow":["GET"]}}],"collection":[{"href":"https:\/\/blog.samantha365mx.com\/index.php\/wp-json\/wp\/v2\/pages"}],"about":[{"href":"https:\/\/blog.samantha365mx.com\/index.php\/wp-json\/wp\/v2\/types\/page"}],"author":[{"embeddable":true,"href":"https:\/\/blog.samantha365mx.com\/index.php\/wp-json\/wp\/v2\/users\/2"}],"replies":[{"embeddable":true,"href":"https:\/\/blog.samantha365mx.com\/index.php\/wp-json\/wp\/v2\/comments?post=128"}],"version-history":[{"count":11,"href":"https:\/\/blog.samantha365mx.com\/index.php\/wp-json\/wp\/v2\/pages\/128\/revisions"}],"predecessor-version":[{"id":874,"href":"https:\/\/blog.samantha365mx.com\/index.php\/wp-json\/wp\/v2\/pages\/128\/revisions\/874"}],"wp:attachment":[{"href":"https:\/\/blog.samantha365mx.com\/index.php\/wp-json\/wp\/v2\/media?parent=128"}],"curies":[{"name":"wp","href":"https:\/\/api.w.org\/{rel}","templated":true}]}}