{"id":1598,"date":"2026-03-17T20:20:43","date_gmt":"2026-03-18T02:20:43","guid":{"rendered":"https:\/\/blog.samantha365mx.com\/?page_id=1598"},"modified":"2026-04-22T18:58:03","modified_gmt":"2026-04-23T00:58:03","slug":"eventos-2026","status":"publish","type":"page","link":"https:\/\/blog.samantha365mx.com\/index.php\/eventos-2026\/","title":{"rendered":"Eventos 2026"},"content":{"rendered":"\n<h2 class=\"wp-block-heading\">Ver por actividad<\/h2>\n\n\n\n<ul class=\"wp-block-list\">\n<li><a href=\"https:\/\/blog.samantha365mx.com\/index.php\/conferencista-en-ia-para-todo-mexico-de-microsoft-elevate-y-compueducacion-2do-ciclo-de-webinars-extension\/\">Enero y Febrero 2026<br><strong>Conferencista en IA PARA TODO M\u00c9XICO de Microsoft ELEVATE y CompuEducaci\u00f3n- 2do ciclo de webinars \u2013 extensi\u00f3n<\/strong><\/a><\/li>\n\n\n\n<li><a href=\"https:\/\/blog.samantha365mx.com\/index.php\/ms-4018-draft-analyze-and-present-with-microsoft-365-copilot\/\">Enero 2026<br>MS-4018 Draft analyze and present with Microsoft 365 Copilot<\/a><\/li>\n\n\n\n<li><a href=\"https:\/\/blog.samantha365mx.com\/index.php\/7th-global-power-platform-bootcamp-2026-mexico\/\">Febrero 2026<br><strong>7th Global Power Platform Bootcamp 2026 M\u00e9xico<\/strong><\/a><\/li>\n\n\n\n<li><a href=\"https:\/\/blog.samantha365mx.com\/index.php\/conferencista-en-get-cs-latam-copilot-como-socio-estrateegico-innovacion-productividad-y-talento-en-la-era-de-la-ia\/\">Febrero 2026<br>Conferencista en Get-CS Latam \u201cCopilot como socio estrat\u00e9egico: innovaci\u00f3n, productividad y talento en la era de la IA\u201d<\/a><\/li>\n\n\n\n<li><a href=\"https:\/\/blog.samantha365mx.com\/index.php\/ms-4019-transform-your-everyday-business-processes-with-agents\/\">Marzo 2026<br><strong>MS-4019 Transform your everyday business processes with agents<\/strong><\/a><\/li>\n\n\n\n<li><a href=\"https:\/\/blog.samantha365mx.com\/index.php\/curso-de-planner-project-web-y-copilot-preparandose-para-decir-adios-a-project-web\/\">Marzo 2026<br><strong>Curso de Planner, Project web y Copilot preparandose para decir adios a Project web<\/strong><\/a><\/li>\n\n\n\n<li><a href=\"https:\/\/blog.samantha365mx.com\/index.php\/webinar-nuevas-caracteristicas-de-microsoft-365-copilot\/\">Marzo 2026<br><strong>Webinar: Nuevas Caracteristicas de Microsoft 365 Copilot<\/strong><\/a><\/li>\n\n\n\n<li><a href=\"https:\/\/blog.samantha365mx.com\/index.php\/guia-informativa-del-alcance-de-microsoft-365-copilot-para-usuarios-finales-edicion-2026\/\">Marzo 2026<br><strong>Gu\u00eda informativa del alcance de Microsoft 365 Copilot para usuarios finales \u2013 Edici\u00f3n 2026<\/strong><\/a><\/li>\n<\/ul>\n\n\n\n<p>A continuaci\u00f3n te comparto algunas de las im\u00e1genes m\u00e1s representativas de los eventos en los que he participado este a\u00f1o, podr\u00e1s encontrar algunas m\u00e1s en los enlaces de cada evento.<\/p>\n\n\n\n<figure class=\"wp-block-gallery has-nested-images columns-default is-cropped wp-block-gallery-1 is-layout-flex wp-block-gallery-is-layout-flex\">\n<figure class=\"wp-block-image size-large\"><img loading=\"lazy\" decoding=\"async\" width=\"1024\" height=\"768\" data-id=\"1919\" src=\"https:\/\/blog.samantha365mx.com\/wp-content\/uploads\/2026\/04\/Final-del-evento-1024x768.jpg\" alt=\"\" class=\"wp-image-1919\" srcset=\"https:\/\/blog.samantha365mx.com\/wp-content\/uploads\/2026\/04\/Final-del-evento-1024x768.jpg 1024w, https:\/\/blog.samantha365mx.com\/wp-content\/uploads\/2026\/04\/Final-del-evento-300x225.jpg 300w, https:\/\/blog.samantha365mx.com\/wp-content\/uploads\/2026\/04\/Final-del-evento-768x576.jpg 768w, https:\/\/blog.samantha365mx.com\/wp-content\/uploads\/2026\/04\/Final-del-evento.jpg 1280w\" sizes=\"auto, (max-width: 1024px) 100vw, 1024px\" \/><\/figure>\n\n\n\n<figure class=\"wp-block-image size-large\"><img loading=\"lazy\" decoding=\"async\" width=\"768\" height=\"1024\" data-id=\"1910\" src=\"https:\/\/blog.samantha365mx.com\/wp-content\/uploads\/2026\/04\/Auditorio-768x1024.jpg\" alt=\"\" class=\"wp-image-1910\" srcset=\"https:\/\/blog.samantha365mx.com\/wp-content\/uploads\/2026\/04\/Auditorio-768x1024.jpg 768w, https:\/\/blog.samantha365mx.com\/wp-content\/uploads\/2026\/04\/Auditorio-225x300.jpg 225w, https:\/\/blog.samantha365mx.com\/wp-content\/uploads\/2026\/04\/Auditorio-1152x1536.jpg 1152w, https:\/\/blog.samantha365mx.com\/wp-content\/uploads\/2026\/04\/Auditorio.jpg 1200w\" sizes=\"auto, (max-width: 768px) 100vw, 768px\" \/><\/figure>\n\n\n\n<figure class=\"wp-block-image size-large\"><img loading=\"lazy\" decoding=\"async\" width=\"1024\" height=\"683\" data-id=\"1914\" src=\"https:\/\/blog.samantha365mx.com\/wp-content\/uploads\/2026\/04\/Conferencia-1024x683.jpg\" alt=\"\" class=\"wp-image-1914\" srcset=\"https:\/\/blog.samantha365mx.com\/wp-content\/uploads\/2026\/04\/Conferencia-1024x683.jpg 1024w, https:\/\/blog.samantha365mx.com\/wp-content\/uploads\/2026\/04\/Conferencia-300x200.jpg 300w, https:\/\/blog.samantha365mx.com\/wp-content\/uploads\/2026\/04\/Conferencia-768x512.jpg 768w, https:\/\/blog.samantha365mx.com\/wp-content\/uploads\/2026\/04\/Conferencia-1536x1024.jpg 1536w, https:\/\/blog.samantha365mx.com\/wp-content\/uploads\/2026\/04\/Conferencia.jpg 2048w\" sizes=\"auto, (max-width: 1024px) 100vw, 1024px\" \/><\/figure>\n\n\n\n<figure class=\"wp-block-image size-large\"><img loading=\"lazy\" decoding=\"async\" width=\"1024\" height=\"768\" data-id=\"1917\" src=\"https:\/\/blog.samantha365mx.com\/wp-content\/uploads\/2026\/04\/Conferencistas-1-1024x768.jpg\" alt=\"\" class=\"wp-image-1917\" srcset=\"https:\/\/blog.samantha365mx.com\/wp-content\/uploads\/2026\/04\/Conferencistas-1-1024x768.jpg 1024w, https:\/\/blog.samantha365mx.com\/wp-content\/uploads\/2026\/04\/Conferencistas-1-300x225.jpg 300w, https:\/\/blog.samantha365mx.com\/wp-content\/uploads\/2026\/04\/Conferencistas-1-768x576.jpg 768w, https:\/\/blog.samantha365mx.com\/wp-content\/uploads\/2026\/04\/Conferencistas-1.jpg 1280w\" sizes=\"auto, (max-width: 1024px) 100vw, 1024px\" \/><\/figure>\n\n\n\n<figure class=\"wp-block-image size-large\"><img loading=\"lazy\" decoding=\"async\" width=\"1024\" height=\"896\" data-id=\"1933\" src=\"https:\/\/blog.samantha365mx.com\/wp-content\/uploads\/2026\/04\/a3-1024x896.jpg\" alt=\"\" class=\"wp-image-1933\" srcset=\"https:\/\/blog.samantha365mx.com\/wp-content\/uploads\/2026\/04\/a3-1024x896.jpg 1024w, https:\/\/blog.samantha365mx.com\/wp-content\/uploads\/2026\/04\/a3-300x263.jpg 300w, https:\/\/blog.samantha365mx.com\/wp-content\/uploads\/2026\/04\/a3-768x672.jpg 768w, https:\/\/blog.samantha365mx.com\/wp-content\/uploads\/2026\/04\/a3-1536x1344.jpg 1536w, https:\/\/blog.samantha365mx.com\/wp-content\/uploads\/2026\/04\/a3-90x80.jpg 90w, https:\/\/blog.samantha365mx.com\/wp-content\/uploads\/2026\/04\/a3.jpg 2048w\" sizes=\"auto, (max-width: 1024px) 100vw, 1024px\" \/><\/figure>\n\n\n\n<figure class=\"wp-block-image size-large\"><img loading=\"lazy\" decoding=\"async\" width=\"683\" height=\"1024\" data-id=\"1934\" src=\"https:\/\/blog.samantha365mx.com\/wp-content\/uploads\/2026\/04\/a1-683x1024.jpg\" alt=\"\" class=\"wp-image-1934\" srcset=\"https:\/\/blog.samantha365mx.com\/wp-content\/uploads\/2026\/04\/a1-683x1024.jpg 683w, https:\/\/blog.samantha365mx.com\/wp-content\/uploads\/2026\/04\/a1-200x300.jpg 200w, https:\/\/blog.samantha365mx.com\/wp-content\/uploads\/2026\/04\/a1-768x1152.jpg 768w, https:\/\/blog.samantha365mx.com\/wp-content\/uploads\/2026\/04\/a1-1024x1536.jpg 1024w, https:\/\/blog.samantha365mx.com\/wp-content\/uploads\/2026\/04\/a1.jpg 1365w\" sizes=\"auto, (max-width: 683px) 100vw, 683px\" \/><\/figure>\n<\/figure>\n\n\n\n<figure class=\"wp-block-gallery has-nested-images columns-default is-cropped wp-block-gallery-2 is-layout-flex wp-block-gallery-is-layout-flex\">\n<figure class=\"wp-block-image size-large\"><img loading=\"lazy\" decoding=\"async\" width=\"1024\" height=\"768\" data-id=\"1974\" src=\"https:\/\/blog.samantha365mx.com\/wp-content\/uploads\/2026\/04\/1771721562351-1024x768.jpg\" alt=\"\" class=\"wp-image-1974\" srcset=\"https:\/\/blog.samantha365mx.com\/wp-content\/uploads\/2026\/04\/1771721562351-1024x768.jpg 1024w, https:\/\/blog.samantha365mx.com\/wp-content\/uploads\/2026\/04\/1771721562351-300x225.jpg 300w, https:\/\/blog.samantha365mx.com\/wp-content\/uploads\/2026\/04\/1771721562351-768x576.jpg 768w, https:\/\/blog.samantha365mx.com\/wp-content\/uploads\/2026\/04\/1771721562351.jpg 1280w\" sizes=\"auto, (max-width: 1024px) 100vw, 1024px\" \/><\/figure>\n\n\n\n<figure class=\"wp-block-image size-large\"><img loading=\"lazy\" decoding=\"async\" width=\"281\" height=\"367\" data-id=\"1973\" src=\"https:\/\/blog.samantha365mx.com\/wp-content\/uploads\/2026\/04\/image-46.png\" alt=\"\" class=\"wp-image-1973\" srcset=\"https:\/\/blog.samantha365mx.com\/wp-content\/uploads\/2026\/04\/image-46.png 281w, https:\/\/blog.samantha365mx.com\/wp-content\/uploads\/2026\/04\/image-46-230x300.png 230w\" sizes=\"auto, (max-width: 281px) 100vw, 281px\" \/><\/figure>\n\n\n\n<figure class=\"wp-block-image size-large\"><img loading=\"lazy\" decoding=\"async\" width=\"1024\" height=\"896\" data-id=\"1935\" src=\"https:\/\/blog.samantha365mx.com\/wp-content\/uploads\/2026\/04\/a-1024x896.jpg\" alt=\"\" class=\"wp-image-1935\" srcset=\"https:\/\/blog.samantha365mx.com\/wp-content\/uploads\/2026\/04\/a-1024x896.jpg 1024w, https:\/\/blog.samantha365mx.com\/wp-content\/uploads\/2026\/04\/a-300x263.jpg 300w, https:\/\/blog.samantha365mx.com\/wp-content\/uploads\/2026\/04\/a-768x672.jpg 768w, https:\/\/blog.samantha365mx.com\/wp-content\/uploads\/2026\/04\/a-1536x1344.jpg 1536w, https:\/\/blog.samantha365mx.com\/wp-content\/uploads\/2026\/04\/a-90x80.jpg 90w, https:\/\/blog.samantha365mx.com\/wp-content\/uploads\/2026\/04\/a.jpg 2048w\" sizes=\"auto, (max-width: 1024px) 100vw, 1024px\" \/><\/figure>\n<\/figure>\n","protected":false},"excerpt":{"rendered":"<p class=\"text-justify\">Ver por actividad A continuaci\u00f3n te comparto algunas de las im\u00e1genes m\u00e1s representativas de los eventos en los que he participado este [&hellip;]<\/p>\n","protected":false},"author":2,"featured_media":0,"parent":0,"menu_order":0,"comment_status":"closed","ping_status":"closed","template":"","meta":{"footnotes":""},"class_list":["post-1598","page","type-page","status-publish","hentry"],"_links":{"self":[{"href":"https:\/\/blog.samantha365mx.com\/index.php\/wp-json\/wp\/v2\/pages\/1598","targetHints":{"allow":["GET"]}}],"collection":[{"href":"https:\/\/blog.samantha365mx.com\/index.php\/wp-json\/wp\/v2\/pages"}],"about":[{"href":"https:\/\/blog.samantha365mx.com\/index.php\/wp-json\/wp\/v2\/types\/page"}],"author":[{"embeddable":true,"href":"https:\/\/blog.samantha365mx.com\/index.php\/wp-json\/wp\/v2\/users\/2"}],"replies":[{"embeddable":true,"href":"https:\/\/blog.samantha365mx.com\/index.php\/wp-json\/wp\/v2\/comments?post=1598"}],"version-history":[{"count":8,"href":"https:\/\/blog.samantha365mx.com\/index.php\/wp-json\/wp\/v2\/pages\/1598\/revisions"}],"predecessor-version":[{"id":1975,"href":"https:\/\/blog.samantha365mx.com\/index.php\/wp-json\/wp\/v2\/pages\/1598\/revisions\/1975"}],"wp:attachment":[{"href":"https:\/\/blog.samantha365mx.com\/index.php\/wp-json\/wp\/v2\/media?parent=1598"}],"curies":[{"name":"wp","href":"https:\/\/api.w.org\/{rel}","templated":true}]}}