{"id":1845,"date":"2026-04-21T12:37:40","date_gmt":"2026-04-21T18:37:40","guid":{"rendered":"https:\/\/blog.samantha365mx.com\/?page_id=1845"},"modified":"2026-04-21T12:44:05","modified_gmt":"2026-04-21T18:44:05","slug":"curso-de-inteligencia-artificial-basico","status":"publish","type":"page","link":"https:\/\/blog.samantha365mx.com\/index.php\/curso-de-inteligencia-artificial-basico\/","title":{"rendered":"Curso de Inteligencia Artificial (B\u00e1sico)"},"content":{"rendered":"\n<p>Este curso est\u00e1 dise\u00f1ado para llevar a alguien de &#8220;cero conocimientos&#8221; a ser capaz de&nbsp;<strong>identificar y liderar oportunidades de negocio<\/strong>&nbsp;usando IA, sin necesidad de programar. Fue impulsado por CompuEducaci\u00f3n para sus clientes y ayduar a fortalecer el uso de la IA de la mejor manera y enfocarlo a trabajar con aquellas IA que se encuentran reguladas.<\/p>\n\n\n\n<p><strong>Nivel B\u00e1sico: Entender el &#8220;Qu\u00e9&#8221; y el &#8220;C\u00f3mo&#8221; (20 hrs)<\/strong><\/p>\n\n\n\n<p>El enfoque aqu\u00ed es desmitificar la tecnolog\u00eda y entender sus l\u00edmites \u00e9ticos.<\/p>\n\n\n\n<ul class=\"wp-block-list\">\n<li><strong>Conceptos Claros:<\/strong>&nbsp;Diferenciar qu\u00e9 es realmente IA frente a software tradicional, eliminando miedos y mitos.<\/li>\n\n\n\n<li><strong>Funcionamiento Simple:<\/strong>&nbsp;Entender que la IA se alimenta de&nbsp;<strong>datos<\/strong>&nbsp;y que existen diferentes formas en que &#8220;aprende&#8221; (supervisado vs. no supervisado).<\/li>\n\n\n\n<li><strong>Exploraci\u00f3n de Herramientas:<\/strong>&nbsp;Primer contacto con herramientas generativas (ChatGPT, DALL\u00b7E y Copilot) y plataformas visuales para experimentar sin c\u00f3digo.<\/li>\n\n\n\n<li><strong>Responsabilidad:<\/strong>&nbsp;Foco cr\u00edtico en la&nbsp;<strong>seguridad de datos<\/strong>, privacidad y c\u00f3mo evitar sesgos al usar estas herramientas en la oficina.<\/li>\n<\/ul>\n\n\n\n<p>Este curso lo impart\u00ed de lunes a jueves del 21 de julio al 5 de agosto 2025<\/p>\n\n\n\n<figure class=\"wp-block-image size-large\"><img loading=\"lazy\" decoding=\"async\" width=\"1024\" height=\"503\" src=\"https:\/\/blog.samantha365mx.com\/wp-content\/uploads\/2026\/04\/image-27-1024x503.png\" alt=\"\" class=\"wp-image-1847\" srcset=\"https:\/\/blog.samantha365mx.com\/wp-content\/uploads\/2026\/04\/image-27-1024x503.png 1024w, https:\/\/blog.samantha365mx.com\/wp-content\/uploads\/2026\/04\/image-27-300x147.png 300w, https:\/\/blog.samantha365mx.com\/wp-content\/uploads\/2026\/04\/image-27-768x377.png 768w, https:\/\/blog.samantha365mx.com\/wp-content\/uploads\/2026\/04\/image-27-1536x755.png 1536w, https:\/\/blog.samantha365mx.com\/wp-content\/uploads\/2026\/04\/image-27.png 1915w\" sizes=\"auto, (max-width: 1024px) 100vw, 1024px\" \/><\/figure>\n\n\n\n<p>Posterior, brind\u00e9 el curso <a href=\"https:\/\/blog.samantha365mx.com\/index.php\/curso-de-inteligencia-artificial-intermedio\/\">Inteligencia Artificial (Intermedio)<\/a><\/p>\n","protected":false},"excerpt":{"rendered":"<p class=\"text-justify\">Este curso est\u00e1 dise\u00f1ado para llevar a alguien de &#8220;cero conocimientos&#8221; a ser capaz de&nbsp;identificar y liderar oportunidades de negocio&nbsp;usando IA, sin [&hellip;]<\/p>\n","protected":false},"author":2,"featured_media":0,"parent":0,"menu_order":0,"comment_status":"closed","ping_status":"closed","template":"","meta":{"footnotes":""},"class_list":["post-1845","page","type-page","status-publish","hentry"],"_links":{"self":[{"href":"https:\/\/blog.samantha365mx.com\/index.php\/wp-json\/wp\/v2\/pages\/1845","targetHints":{"allow":["GET"]}}],"collection":[{"href":"https:\/\/blog.samantha365mx.com\/index.php\/wp-json\/wp\/v2\/pages"}],"about":[{"href":"https:\/\/blog.samantha365mx.com\/index.php\/wp-json\/wp\/v2\/types\/page"}],"author":[{"embeddable":true,"href":"https:\/\/blog.samantha365mx.com\/index.php\/wp-json\/wp\/v2\/users\/2"}],"replies":[{"embeddable":true,"href":"https:\/\/blog.samantha365mx.com\/index.php\/wp-json\/wp\/v2\/comments?post=1845"}],"version-history":[{"count":2,"href":"https:\/\/blog.samantha365mx.com\/index.php\/wp-json\/wp\/v2\/pages\/1845\/revisions"}],"predecessor-version":[{"id":1852,"href":"https:\/\/blog.samantha365mx.com\/index.php\/wp-json\/wp\/v2\/pages\/1845\/revisions\/1852"}],"wp:attachment":[{"href":"https:\/\/blog.samantha365mx.com\/index.php\/wp-json\/wp\/v2\/media?parent=1845"}],"curies":[{"name":"wp","href":"https:\/\/api.w.org\/{rel}","templated":true}]}}