{"id":187,"date":"2021-02-04T02:09:00","date_gmt":"2021-02-04T02:09:00","guid":{"rendered":"https:\/\/blog.samantha365mx.com\/?page_id=187"},"modified":"2021-02-23T20:56:45","modified_gmt":"2021-02-23T20:56:45","slug":"diplomado-de-azure-fundamentals-2020","status":"publish","type":"page","link":"https:\/\/blog.samantha365mx.com\/index.php\/diplomado-de-azure-fundamentals-2020\/","title":{"rendered":"Diplomado de Azure fundamentals 2020"},"content":{"rendered":"\n<p>Este diplomado fue impulsado por la comunidad ConoSur el 13 de Agosto de 2020, en el que cual fui invitada a participar para hablar de Azure Active Directory de Office365 y la seguridad que se tiene a trav\u00e9s de este Centro de Administraci\u00f3n.<\/p>\n\n\n\n<p>En esta p\u00e1gina encontrar\u00e1 mi sesi\u00f3n: <a href=\"https:\/\/www.youtube.com\/watch?v=1YMn8NvjSAI\" target=\"_blank\" rel=\"noreferrer noopener\">https:\/\/www.youtube.com\/watch?v=1YMn8NvjSAI<\/a><\/p>\n\n\n\n<p>El Diplomado continua activo, por lo que puedes ingresar a la p\u00e1gina: <a href=\"https:\/\/azure.conosur.tech\/azure-fundamentals-2020\/\" target=\"_blank\" rel=\"noreferrer noopener\">https:\/\/azure.conosur.tech\/azure-fundamentals-2020\/<\/a><\/p>\n\n\n\n<figure class=\"wp-block-embed is-type-wp-embed is-provider-azure-en-espanol wp-block-embed-azure-en-espanol\"><div class=\"wp-block-embed__wrapper\">\n<blockquote class=\"wp-embedded-content\" data-secret=\"YB1zZTk5dR\"><a href=\"https:\/\/azure.conosur.tech\/azure-fundamentals-2020\/\">Azure Fundamentals 2020<\/a><\/blockquote><iframe loading=\"lazy\" class=\"wp-embedded-content\" sandbox=\"allow-scripts\" security=\"restricted\" style=\"position: absolute; visibility: hidden;\" title=\"\u00abAzure Fundamentals 2020\u00bb \u2014 Azure en Espa\u00f1ol\" src=\"https:\/\/azure.conosur.tech\/azure-fundamentals-2020\/embed\/#?secret=AIesWeBaRJ#?secret=YB1zZTk5dR\" data-secret=\"YB1zZTk5dR\" width=\"600\" height=\"338\" frameborder=\"0\" marginwidth=\"0\" marginheight=\"0\" scrolling=\"no\"><\/iframe>\n<\/div><\/figure>\n\n\n\n<p>Por cierto, es bien lindo que nuestros amigos nos feliciten por nuestra participaci\u00f3n, gracias Sue por compartir este mensaje \ud83d\ude42<\/p>\n\n\n\n<figure class=\"wp-block-image size-large\"><img loading=\"lazy\" decoding=\"async\" width=\"512\" height=\"1024\" src=\"https:\/\/blog.samantha365mx.com\/wp-content\/uploads\/2021\/02\/diplomado-512x1024.jpg\" alt=\"\" class=\"wp-image-191\" srcset=\"https:\/\/blog.samantha365mx.com\/wp-content\/uploads\/2021\/02\/diplomado-512x1024.jpg 512w, https:\/\/blog.samantha365mx.com\/wp-content\/uploads\/2021\/02\/diplomado-150x300.jpg 150w, https:\/\/blog.samantha365mx.com\/wp-content\/uploads\/2021\/02\/diplomado.jpg 640w\" sizes=\"auto, (max-width: 512px) 100vw, 512px\" \/><\/figure>\n","protected":false},"excerpt":{"rendered":"<p class=\"text-justify\">Este diplomado fue impulsado por la comunidad ConoSur el 13 de Agosto de 2020, en el que cual fui invitada a participar [&hellip;]<\/p>\n","protected":false},"author":2,"featured_media":0,"parent":0,"menu_order":0,"comment_status":"closed","ping_status":"closed","template":"","meta":{"footnotes":""},"class_list":["post-187","page","type-page","status-publish","hentry"],"_links":{"self":[{"href":"https:\/\/blog.samantha365mx.com\/index.php\/wp-json\/wp\/v2\/pages\/187","targetHints":{"allow":["GET"]}}],"collection":[{"href":"https:\/\/blog.samantha365mx.com\/index.php\/wp-json\/wp\/v2\/pages"}],"about":[{"href":"https:\/\/blog.samantha365mx.com\/index.php\/wp-json\/wp\/v2\/types\/page"}],"author":[{"embeddable":true,"href":"https:\/\/blog.samantha365mx.com\/index.php\/wp-json\/wp\/v2\/users\/2"}],"replies":[{"embeddable":true,"href":"https:\/\/blog.samantha365mx.com\/index.php\/wp-json\/wp\/v2\/comments?post=187"}],"version-history":[{"count":3,"href":"https:\/\/blog.samantha365mx.com\/index.php\/wp-json\/wp\/v2\/pages\/187\/revisions"}],"predecessor-version":[{"id":379,"href":"https:\/\/blog.samantha365mx.com\/index.php\/wp-json\/wp\/v2\/pages\/187\/revisions\/379"}],"wp:attachment":[{"href":"https:\/\/blog.samantha365mx.com\/index.php\/wp-json\/wp\/v2\/media?parent=187"}],"curies":[{"name":"wp","href":"https:\/\/api.w.org\/{rel}","templated":true}]}}