{"id":1947,"date":"2026-04-21T23:13:46","date_gmt":"2026-04-22T05:13:46","guid":{"rendered":"https:\/\/blog.samantha365mx.com\/?page_id=1947"},"modified":"2026-04-21T23:13:46","modified_gmt":"2026-04-22T05:13:46","slug":"webinar-nuevas-caracteristicas-de-microsoft-365-copilot","status":"publish","type":"page","link":"https:\/\/blog.samantha365mx.com\/index.php\/webinar-nuevas-caracteristicas-de-microsoft-365-copilot\/","title":{"rendered":"Webinar: Nuevas Caracteristicas de Microsoft 365 Copilot"},"content":{"rendered":"\n<p>Este webinar est\u00e1 dise\u00f1ado para actualizar a los usuarios en el salto que ha dado la herramienta: de ser un asistente reactivo a convertirse en un\u00a0<strong>socio estrat\u00e9gico<\/strong>\u00a0dentro del flujo de trabajo diario. Es perfecto para empresas que ya conocen lo b\u00e1sico y quieren\u00a0<strong>maximizar su inversi\u00f3n<\/strong>, pasando de &#8220;usar el chat&#8221; a &#8220;integrar inteligencia&#8221; en sus procesos de negocio de forma segura.<\/p>\n\n\n\n<p>Este webinar especializado que impart\u00ed el 19 de Marzo de 2026 incluye los temas:<\/p>\n\n\n\n<p><strong>1. Copilot y Work IQ<\/strong><\/p>\n\n\n\n<ul class=\"wp-block-list\">\n<li><strong>La Nueva Productividad:<\/strong>\u00a0Se introduce el concepto de &#8220;Work IQ&#8221;, que es la capacidad de la IA para aprovechar todo el conocimiento acumulado en los documentos, correos y reuniones de la empresa para generar respuestas con contexto real, no solo gen\u00e9ricas.<\/li>\n<\/ul>\n\n\n\n<p><strong>2. De Asistente a Socio Proactivo<\/strong><\/p>\n\n\n\n<ul class=\"wp-block-list\">\n<li><strong>Evoluci\u00f3n:<\/strong>\u00a0El enfoque cambia. Ya no solo esperas a que Copilot te responda; ahora la IA puede sugerir acciones, resumir lo que te perdiste mientras no estabas conectado y anticiparse a tus necesidades seg\u00fan tu calendario y prioridades.<\/li>\n<\/ul>\n\n\n\n<p><strong>3. Ecosistema de Agentes (El punto m\u00e1s innovador)<\/strong><\/p>\n\n\n\n<ul class=\"wp-block-list\">\n<li><strong>Especializaci\u00f3n:<\/strong>\u00a0El curso cubre c\u00f3mo Copilot ahora permite interactuar con\u00a0<strong>agentes especializados<\/strong>\u00a0que realizan tareas espec\u00edficas (como un agente experto en ventas, uno en soporte t\u00e9cnico o uno en procesos de RH), permitiendo una automatizaci\u00f3n mucho m\u00e1s profunda.<\/li>\n<\/ul>\n\n\n\n<p><strong>4. Aplicaciones de Productividad<\/strong><\/p>\n\n\n\n<ul class=\"wp-block-list\">\n<li><strong>Integraci\u00f3n Total:<\/strong>\u00a0Actualizaci\u00f3n de las funciones m\u00e1s recientes en la suite de Office (Word, Excel, PPT, Teams y Outlook), enfoc\u00e1ndose en c\u00f3mo las nuevas caracter\u00edsticas ahorran tiempo en tareas administrativas y creativas.<\/li>\n<\/ul>\n\n\n\n<p><strong>5. \u00c9tica y Seguridad Organizacional<\/strong><\/p>\n\n\n\n<ul class=\"wp-block-list\">\n<li><strong>Confianza Empresarial:<\/strong>\u00a0Un m\u00f3dulo cr\u00edtico para IT y Directivos. Explica c\u00f3mo Microsoft garantiza que la informaci\u00f3n de la empresa no se use para entrenar modelos p\u00fablicos y c\u00f3mo se mantienen los est\u00e1ndares de cumplimiento y privacidad de datos.<\/li>\n<\/ul>\n\n\n\n<figure class=\"wp-block-image size-large\"><img loading=\"lazy\" decoding=\"async\" width=\"1024\" height=\"498\" src=\"https:\/\/blog.samantha365mx.com\/wp-content\/uploads\/2026\/04\/image-45-1024x498.png\" alt=\"\" class=\"wp-image-1949\" srcset=\"https:\/\/blog.samantha365mx.com\/wp-content\/uploads\/2026\/04\/image-45-1024x498.png 1024w, https:\/\/blog.samantha365mx.com\/wp-content\/uploads\/2026\/04\/image-45-300x146.png 300w, https:\/\/blog.samantha365mx.com\/wp-content\/uploads\/2026\/04\/image-45-768x374.png 768w, https:\/\/blog.samantha365mx.com\/wp-content\/uploads\/2026\/04\/image-45-1536x748.png 1536w, https:\/\/blog.samantha365mx.com\/wp-content\/uploads\/2026\/04\/image-45.png 1911w\" sizes=\"auto, (max-width: 1024px) 100vw, 1024px\" \/><\/figure>\n\n\n\n<p><br><\/p>\n","protected":false},"excerpt":{"rendered":"<p class=\"text-justify\">Este webinar est\u00e1 dise\u00f1ado para actualizar a los usuarios en el salto que ha dado la herramienta: de ser un asistente reactivo [&hellip;]<\/p>\n","protected":false},"author":2,"featured_media":0,"parent":0,"menu_order":0,"comment_status":"closed","ping_status":"closed","template":"","meta":{"footnotes":""},"class_list":["post-1947","page","type-page","status-publish","hentry"],"_links":{"self":[{"href":"https:\/\/blog.samantha365mx.com\/index.php\/wp-json\/wp\/v2\/pages\/1947","targetHints":{"allow":["GET"]}}],"collection":[{"href":"https:\/\/blog.samantha365mx.com\/index.php\/wp-json\/wp\/v2\/pages"}],"about":[{"href":"https:\/\/blog.samantha365mx.com\/index.php\/wp-json\/wp\/v2\/types\/page"}],"author":[{"embeddable":true,"href":"https:\/\/blog.samantha365mx.com\/index.php\/wp-json\/wp\/v2\/users\/2"}],"replies":[{"embeddable":true,"href":"https:\/\/blog.samantha365mx.com\/index.php\/wp-json\/wp\/v2\/comments?post=1947"}],"version-history":[{"count":1,"href":"https:\/\/blog.samantha365mx.com\/index.php\/wp-json\/wp\/v2\/pages\/1947\/revisions"}],"predecessor-version":[{"id":1950,"href":"https:\/\/blog.samantha365mx.com\/index.php\/wp-json\/wp\/v2\/pages\/1947\/revisions\/1950"}],"wp:attachment":[{"href":"https:\/\/blog.samantha365mx.com\/index.php\/wp-json\/wp\/v2\/media?parent=1947"}],"curies":[{"name":"wp","href":"https:\/\/api.w.org\/{rel}","templated":true}]}}