{"id":204,"date":"2021-02-04T02:51:31","date_gmt":"2021-02-04T02:51:31","guid":{"rendered":"https:\/\/blog.samantha365mx.com\/?page_id=204"},"modified":"2021-02-24T17:19:06","modified_gmt":"2021-02-24T17:19:06","slug":"microsoft-global-365-developer-bootcamp-mexico-cdmx","status":"publish","type":"page","link":"https:\/\/blog.samantha365mx.com\/index.php\/microsoft-global-365-developer-bootcamp-mexico-cdmx\/","title":{"rendered":"Microsoft Global 365 Developer Bootcamp 2020 \/ M\u00e9xico \/ CDMX"},"content":{"rendered":"\n<p>Desde hace 4 a\u00f1os se celebra el Microsoft Global 365 Developer Bootcamp (antes Microsoft Office 365 Developer Bootcamp) el evento m\u00e1s importante de Microsoft365 a nivel mundial, M\u00e9xico participa en este gran evento desde el inicio, y la Ciudad de M\u00e9xico ha sido la principal sede, este a\u00f1o no fue la excepci\u00f3n, y la edici\u00f3n correspondiente fue en l\u00ednea, corresponde a este evento, definitivamente una fiesta para todos. <\/p>\n\n\n\n<p>En compa\u00f1\u00eda de Victor Rom\u00e1n Castro qui\u00e9n tambi\u00e9n es Microsoft MVP organizamos este magn\u00edfico evento. Varias de mis amigos aceptaron la invitaci\u00f3n para compartir su conocimiento y la invitaci\u00f3n qued\u00f3 as\u00ed:<\/p>\n\n\n\n<figure class=\"wp-block-image size-large\"><img loading=\"lazy\" decoding=\"async\" width=\"577\" height=\"1024\" src=\"https:\/\/blog.samantha365mx.com\/wp-content\/uploads\/2021\/02\/GM365-CDMX-2020-577x1024.jpg\" alt=\"\" class=\"wp-image-205\" srcset=\"https:\/\/blog.samantha365mx.com\/wp-content\/uploads\/2021\/02\/GM365-CDMX-2020-577x1024.jpg 577w, https:\/\/blog.samantha365mx.com\/wp-content\/uploads\/2021\/02\/GM365-CDMX-2020-169x300.jpg 169w, https:\/\/blog.samantha365mx.com\/wp-content\/uploads\/2021\/02\/GM365-CDMX-2020-768x1363.jpg 768w, https:\/\/blog.samantha365mx.com\/wp-content\/uploads\/2021\/02\/GM365-CDMX-2020.jpg 787w\" sizes=\"auto, (max-width: 577px) 100vw, 577px\" \/><\/figure>\n\n\n\n<p>Fue incre\u00edble contar con su participaci\u00f3n y todo el conocimiento que tienen, nos ayudan a ver que realmente Microsoft365 es una plataforma que revolucion\u00f3 y nos brinda un panorama completamente distinto al que est\u00e1bamos acostumbrados por mucho tiempo con solo Office.<\/p>\n\n\n\n<p>Para quienes no conocen que es Microsoft365 los invitamos a ser participes de estos eventos, solo por aclarar Office365 es diferente al Office tradicional y es parte de Microsoft365.<\/p>\n\n\n\n<p>Puedes ver la grabaci\u00f3n de estas sesiones en el canal de <a href=\"https:\/\/www.youtube.com\/channel\/UCh7H5QEvSVPmzwGBI_y8jBA\" target=\"_blank\" rel=\"noreferrer noopener\">Microsoft Excel a Todo Nivel<\/a> (Victor soy tu fan) muchas gracias por el apoyo.<\/p>\n\n\n\n<p>Gracias a las m\u00e1s de 400 personas que se conectaron al en vivo con nosotros y gracias por seguirnos en las redes sociales, gracias a las miles de personas que se mantienen atentas para las actividades que tenemos de este evento. #GM365Mexico #Samantha365Mx <\/p>\n\n\n\n<p>Gracias Amin, Roberto, Jes\u00fas, Humberto, Satur, Haaron, Vlad y Cris por ser nuestros conferencistas.<\/p>\n\n\n\n<p>Gracias a todos los que son parte de la <a rel=\"noreferrer noopener\" href=\"https:\/\/www.facebook.com\/groups\/Office365EnEspanol\" target=\"_blank\">comunidad Office365 en Espa\u00f1ol<\/a> por estar presente en estos eventos.<\/p>\n\n\n\n<p>Gracias por Microsoft por impulsar estos eventos.<\/p>\n\n\n\n<figure class=\"wp-block-embed is-type-video is-provider-youtube wp-block-embed-youtube wp-embed-aspect-16-9 wp-has-aspect-ratio\"><div class=\"wp-block-embed__wrapper\">\n<iframe loading=\"lazy\" title=\"1.- Entablando una conversaci\u00f3n con Virtual Agent | Amin Espinoza\" width=\"640\" height=\"360\" src=\"https:\/\/www.youtube.com\/embed\/Zyax4nVT-Rs?feature=oembed\" frameborder=\"0\" allow=\"accelerometer; autoplay; clipboard-write; encrypted-media; gyroscope; picture-in-picture; web-share\" referrerpolicy=\"strict-origin-when-cross-origin\" allowfullscreen><\/iframe>\n<\/div><\/figure>\n\n\n\n<figure class=\"wp-block-embed is-type-video is-provider-youtube wp-block-embed-youtube wp-embed-aspect-16-9 wp-has-aspect-ratio\"><div class=\"wp-block-embed__wrapper\">\n<iframe loading=\"lazy\" title=\"2.- Microservicios con DAPR | Roberto Cervantes\" width=\"640\" height=\"360\" src=\"https:\/\/www.youtube.com\/embed\/0V9KYz3XcME?list=PLEy6Omomtm3HMWcKvjLTOCMLwg0P6pOc4\" frameborder=\"0\" allow=\"accelerometer; autoplay; clipboard-write; encrypted-media; gyroscope; picture-in-picture; web-share\" referrerpolicy=\"strict-origin-when-cross-origin\" allowfullscreen><\/iframe>\n<\/div><\/figure>\n\n\n\n<figure class=\"wp-block-embed is-type-video is-provider-youtube wp-block-embed-youtube wp-embed-aspect-16-9 wp-has-aspect-ratio\"><div class=\"wp-block-embed__wrapper\">\n<iframe loading=\"lazy\" title=\"3.- Samantha Villarreal | Automatizaci\u00f3n de Procesos con PowerAutomate\" width=\"640\" height=\"360\" src=\"https:\/\/www.youtube.com\/embed\/-ZllCV53Keg?list=PLEy6Omomtm3HMWcKvjLTOCMLwg0P6pOc4\" frameborder=\"0\" allow=\"accelerometer; autoplay; clipboard-write; encrypted-media; gyroscope; picture-in-picture; web-share\" referrerpolicy=\"strict-origin-when-cross-origin\" allowfullscreen><\/iframe>\n<\/div><\/figure>\n\n\n\n<figure class=\"wp-block-embed is-type-video is-provider-youtube wp-block-embed-youtube wp-embed-aspect-16-9 wp-has-aspect-ratio\"><div class=\"wp-block-embed__wrapper\">\n<iframe loading=\"lazy\" title=\"4.- Jes\u00fas Gil Velasco | Desarrolla un proyecto completo con Power Platform sin una l\u00ednea de c\u00f3digo.\" width=\"640\" height=\"360\" src=\"https:\/\/www.youtube.com\/embed\/Bl_iGedcisg?list=PLEy6Omomtm3HMWcKvjLTOCMLwg0P6pOc4\" frameborder=\"0\" allow=\"accelerometer; autoplay; clipboard-write; encrypted-media; gyroscope; picture-in-picture; web-share\" referrerpolicy=\"strict-origin-when-cross-origin\" allowfullscreen><\/iframe>\n<\/div><\/figure>\n\n\n\n<figure class=\"wp-block-embed is-type-video is-provider-youtube wp-block-embed-youtube wp-embed-aspect-16-9 wp-has-aspect-ratio\"><div class=\"wp-block-embed__wrapper\">\n<iframe loading=\"lazy\" title=\"5.- Humberto Jaimes | Analizando campa\u00f1as de Fecbook Ads con Power BI\" width=\"640\" height=\"360\" src=\"https:\/\/www.youtube.com\/embed\/YZeeWCLVNsw?list=PLEy6Omomtm3HMWcKvjLTOCMLwg0P6pOc4\" frameborder=\"0\" allow=\"accelerometer; autoplay; clipboard-write; encrypted-media; gyroscope; picture-in-picture; web-share\" referrerpolicy=\"strict-origin-when-cross-origin\" allowfullscreen><\/iframe>\n<\/div><\/figure>\n\n\n\n<figure class=\"wp-block-embed is-type-video is-provider-youtube wp-block-embed-youtube wp-embed-aspect-16-9 wp-has-aspect-ratio\"><div class=\"wp-block-embed__wrapper\">\n<iframe loading=\"lazy\" title=\"6.- Saturnino Pimentel | Serverless con Azure Functions\" width=\"640\" height=\"360\" src=\"https:\/\/www.youtube.com\/embed\/pHb9bbAxrdM?list=PLEy6Omomtm3HMWcKvjLTOCMLwg0P6pOc4\" frameborder=\"0\" allow=\"accelerometer; autoplay; clipboard-write; encrypted-media; gyroscope; picture-in-picture; web-share\" referrerpolicy=\"strict-origin-when-cross-origin\" allowfullscreen><\/iframe>\n<\/div><\/figure>\n\n\n\n<figure class=\"wp-block-embed is-type-video is-provider-youtube wp-block-embed-youtube wp-embed-aspect-16-9 wp-has-aspect-ratio\"><div class=\"wp-block-embed__wrapper\">\n<iframe loading=\"lazy\" title=\"7   Haro\u00f3n Gonzalez | Introducci\u00f3n a Sharepoint Framework\" width=\"640\" height=\"360\" src=\"https:\/\/www.youtube.com\/embed\/M_Pa5T2W4eA?list=PLEy6Omomtm3HMWcKvjLTOCMLwg0P6pOc4\" frameborder=\"0\" allow=\"accelerometer; autoplay; clipboard-write; encrypted-media; gyroscope; picture-in-picture; web-share\" referrerpolicy=\"strict-origin-when-cross-origin\" allowfullscreen><\/iframe>\n<\/div><\/figure>\n\n\n\n<figure class=\"wp-block-embed is-type-video is-provider-youtube wp-block-embed-youtube wp-embed-aspect-16-9 wp-has-aspect-ratio\"><div class=\"wp-block-embed__wrapper\">\n<iframe loading=\"lazy\" title=\"8.- Vladimir Medina | Teams as a Platoform\" width=\"640\" height=\"360\" src=\"https:\/\/www.youtube.com\/embed\/QlZIBVW342E?list=PLEy6Omomtm3HMWcKvjLTOCMLwg0P6pOc4\" frameborder=\"0\" allow=\"accelerometer; autoplay; clipboard-write; encrypted-media; gyroscope; picture-in-picture; web-share\" referrerpolicy=\"strict-origin-when-cross-origin\" allowfullscreen><\/iframe>\n<\/div><\/figure>\n\n\n\n<p>Nos vemos en la siguiente edici\u00f3n.<\/p>\n\n\n\n<p>Tus comentarios son bienvenidos, escr\u00edbeme a: <a href=\"mailto:hola@samantha365mx.com\" target=\"_blank\" rel=\"noreferrer noopener\">hola@samantha365mx.com<\/a><\/p>\n","protected":false},"excerpt":{"rendered":"<p class=\"text-justify\">Desde hace 4 a\u00f1os se celebra el Microsoft Global 365 Developer Bootcamp (antes Microsoft Office 365 Developer Bootcamp) el evento m\u00e1s importante [&hellip;]<\/p>\n","protected":false},"author":2,"featured_media":0,"parent":0,"menu_order":0,"comment_status":"closed","ping_status":"closed","template":"","meta":{"footnotes":""},"class_list":["post-204","page","type-page","status-publish","hentry"],"_links":{"self":[{"href":"https:\/\/blog.samantha365mx.com\/index.php\/wp-json\/wp\/v2\/pages\/204","targetHints":{"allow":["GET"]}}],"collection":[{"href":"https:\/\/blog.samantha365mx.com\/index.php\/wp-json\/wp\/v2\/pages"}],"about":[{"href":"https:\/\/blog.samantha365mx.com\/index.php\/wp-json\/wp\/v2\/types\/page"}],"author":[{"embeddable":true,"href":"https:\/\/blog.samantha365mx.com\/index.php\/wp-json\/wp\/v2\/users\/2"}],"replies":[{"embeddable":true,"href":"https:\/\/blog.samantha365mx.com\/index.php\/wp-json\/wp\/v2\/comments?post=204"}],"version-history":[{"count":8,"href":"https:\/\/blog.samantha365mx.com\/index.php\/wp-json\/wp\/v2\/pages\/204\/revisions"}],"predecessor-version":[{"id":408,"href":"https:\/\/blog.samantha365mx.com\/index.php\/wp-json\/wp\/v2\/pages\/204\/revisions\/408"}],"wp:attachment":[{"href":"https:\/\/blog.samantha365mx.com\/index.php\/wp-json\/wp\/v2\/media?parent=204"}],"curies":[{"name":"wp","href":"https:\/\/api.w.org\/{rel}","templated":true}]}}