{"id":210,"date":"2021-02-04T02:56:52","date_gmt":"2021-02-04T02:56:52","guid":{"rendered":"https:\/\/blog.samantha365mx.com\/?page_id=210"},"modified":"2021-02-24T16:47:32","modified_gmt":"2021-02-24T16:47:32","slug":"microsoft-global-365-developer-bootcamp-mexico-financials-bussiness-community","status":"publish","type":"page","link":"https:\/\/blog.samantha365mx.com\/index.php\/microsoft-global-365-developer-bootcamp-mexico-financials-bussiness-community\/","title":{"rendered":"Microsoft Global 365 Developer Bootcamp \/ M\u00e9xico \/ Financials Bussiness Community"},"content":{"rendered":"\n<figure class=\"wp-block-image size-large\"><img loading=\"lazy\" decoding=\"async\" width=\"1024\" height=\"911\" src=\"https:\/\/blog.samantha365mx.com\/wp-content\/uploads\/2021\/02\/GM365-201020-EFinBusComm-1024x911.png\" alt=\"\" class=\"wp-image-211\" srcset=\"https:\/\/blog.samantha365mx.com\/wp-content\/uploads\/2021\/02\/GM365-201020-EFinBusComm-1024x911.png 1024w, https:\/\/blog.samantha365mx.com\/wp-content\/uploads\/2021\/02\/GM365-201020-EFinBusComm-300x267.png 300w, https:\/\/blog.samantha365mx.com\/wp-content\/uploads\/2021\/02\/GM365-201020-EFinBusComm-768x683.png 768w, https:\/\/blog.samantha365mx.com\/wp-content\/uploads\/2021\/02\/GM365-201020-EFinBusComm-450x401.png 450w, https:\/\/blog.samantha365mx.com\/wp-content\/uploads\/2021\/02\/GM365-201020-EFinBusComm-90x80.png 90w, https:\/\/blog.samantha365mx.com\/wp-content\/uploads\/2021\/02\/GM365-201020-EFinBusComm.png 1365w\" sizes=\"auto, (max-width: 1024px) 100vw, 1024px\" \/><\/figure>\n\n\n\n<p>El Global Microsoft 365 Developer Bootcamp es el evento m\u00e1s importante que tiene Microsoft para Office365, que este a\u00f1o cambi\u00f3 a Microsoft365. Este evento se realiza por 4 a\u00f1os consecutivos, M\u00e9xico participa desde la primera edici\u00f3n en el 2017 como sede internacional.<\/p>\n\n\n\n<p>Este a\u00f1o por temas de pandemia se tuvieron que realizar preparativos diferentes, nuestros eventos fueron 100% en l\u00ednea.<\/p>\n\n\n\n<p>Tuve el honor de participar como organizadora de 3 magnificas vertientes de este evento en M\u00e9xico y uno m\u00e1s como conferencista \u00fanicamente, mediante la Comunidad Office365 en Espa\u00f1ol.<\/p>\n\n\n\n<p>La versi\u00f3n de Financials Business Community se enfoc\u00f3 a toda la comunidad especializada en el uso de datos, principalmente Excel, por lo que fue grandioso que nos acompa\u00f1aran las m\u00e1s de 700 personas en un evento en vivo a trav\u00e9s de Microsoft Teams y muchos otros a trav\u00e9s de las redes sociales participaban con nuestro #GM365Finanzas #Microsoft365Bootcamp. Un registro de m\u00e1s de 1700 personas.<\/p>\n\n\n\n<figure class=\"wp-block-image size-large\"><img loading=\"lazy\" decoding=\"async\" width=\"867\" height=\"490\" src=\"https:\/\/blog.samantha365mx.com\/wp-content\/uploads\/2021\/02\/Agenda.png\" alt=\"\" class=\"wp-image-382\" srcset=\"https:\/\/blog.samantha365mx.com\/wp-content\/uploads\/2021\/02\/Agenda.png 867w, https:\/\/blog.samantha365mx.com\/wp-content\/uploads\/2021\/02\/Agenda-300x170.png 300w, https:\/\/blog.samantha365mx.com\/wp-content\/uploads\/2021\/02\/Agenda-768x434.png 768w\" sizes=\"auto, (max-width: 867px) 100vw, 867px\" \/><\/figure>\n\n\n\n<p>Estoy preparando algunas sorpresas con el contenido, espero tener todo listo para ustedes muy pronto.<\/p>\n\n\n\n<p>Gracias a nuestros conferencistas: Humberto Jaimes, Sandra Berista\u00edn, Sergio Campos, Sara Mena gracias amigos por acompa\u00f1arme en esta aventura.<\/p>\n\n\n\n<p>Gracias a nuestros patrocinadores y gracias a ti por acompa\u00f1arnos y ser parte de esta edici\u00f3n, faltan 2 m\u00e1s.<\/p>\n\n\n\n<p>Puedes ver el evento nuevamente en la p\u00e1gina: <a href=\"https:\/\/teams.microsoft.com\/l\/meetup-join\/19%3ameeting_MTc1ZDE1M2MtOTM2MC00M2JmLWJjZjctNjAxYTkzODg3ZjJh%40thread.v2\/0?context=%7b%22Tid%22%3a%22b4c9f32e-da17-4ded-9c95-ce9da38f25d9%22%2c%22Oid%22%3a%22e905c198-6f31-44e3-9f3a-761e2940f98a%22%2c%22IsBroadcastMeeting%22%3atrue%7d\" target=\"_blank\" rel=\"noreferrer noopener\">https:\/\/teams.microsoft.com\/l\/meetup-join\/19%3ameeting_MTc1ZDE1M2MtOTM2MC00M2JmLWJjZjctNjAxYTkzODg3ZjJh%40thread.v2\/0?context=%7b%22Tid%22%3a%22b4c9f32e-da17-4ded-9c95-ce9da38f25d9%22%2c%22Oid%22%3a%22e905c198-6f31-44e3-9f3a-761e2940f98a%22%2c%22IsBroadcastMeeting%22%3atrue%7d<\/a> <\/p>\n","protected":false},"excerpt":{"rendered":"<p class=\"text-justify\">El Global Microsoft 365 Developer Bootcamp es el evento m\u00e1s importante que tiene Microsoft para Office365, que este a\u00f1o cambi\u00f3 a Microsoft365. [&hellip;]<\/p>\n","protected":false},"author":2,"featured_media":0,"parent":0,"menu_order":0,"comment_status":"closed","ping_status":"closed","template":"","meta":{"footnotes":""},"class_list":["post-210","page","type-page","status-publish","hentry"],"_links":{"self":[{"href":"https:\/\/blog.samantha365mx.com\/index.php\/wp-json\/wp\/v2\/pages\/210","targetHints":{"allow":["GET"]}}],"collection":[{"href":"https:\/\/blog.samantha365mx.com\/index.php\/wp-json\/wp\/v2\/pages"}],"about":[{"href":"https:\/\/blog.samantha365mx.com\/index.php\/wp-json\/wp\/v2\/types\/page"}],"author":[{"embeddable":true,"href":"https:\/\/blog.samantha365mx.com\/index.php\/wp-json\/wp\/v2\/users\/2"}],"replies":[{"embeddable":true,"href":"https:\/\/blog.samantha365mx.com\/index.php\/wp-json\/wp\/v2\/comments?post=210"}],"version-history":[{"count":5,"href":"https:\/\/blog.samantha365mx.com\/index.php\/wp-json\/wp\/v2\/pages\/210\/revisions"}],"predecessor-version":[{"id":401,"href":"https:\/\/blog.samantha365mx.com\/index.php\/wp-json\/wp\/v2\/pages\/210\/revisions\/401"}],"wp:attachment":[{"href":"https:\/\/blog.samantha365mx.com\/index.php\/wp-json\/wp\/v2\/media?parent=210"}],"curies":[{"name":"wp","href":"https:\/\/api.w.org\/{rel}","templated":true}]}}