{"id":219,"date":"2021-02-04T19:55:09","date_gmt":"2021-02-04T19:55:09","guid":{"rendered":"https:\/\/blog.samantha365mx.com\/?page_id=219"},"modified":"2021-02-04T19:55:09","modified_gmt":"2021-02-04T19:55:09","slug":"capitulo-4-azure-en-el-bar","status":"publish","type":"page","link":"https:\/\/blog.samantha365mx.com\/index.php\/capitulo-4-azure-en-el-bar\/","title":{"rendered":"Cap\u00edtulo 4, Azure en el Bar"},"content":{"rendered":"\n<p>El pasado 30 de Abril de 2020 estuve en el cuarto capitulo de Azure en el Bar, espacio en que las panelistas puedan hablar acerca de tecnolog\u00edas #Microsoft en #Azure. Una edici\u00f3n especial de #MujeresEnTecnolog\u00eda en el que pude participar.<\/p>\n\n\n\n<p>Transmitido a trav\u00e9s de YouTube, contamos con una gran audiencia y nuevas amigas<\/p>\n\n\n\n<p>La cita fue el jueves 30 de abril 8 PM Argentina y Uruguay, 7 PM Paraguay y Chile, 6 PM Colombia y Per\u00fa, 6 PM M\u00e9xico y 4 PM (PDT)<br>Link del evento:\u00a0<a rel=\"noreferrer noopener\" href=\"https:\/\/www.youtube.com\/watch?v=7gnks6NPn8I\" target=\"_blank\">https:\/\/www.youtube.com\/watch?v=7gnks6NPn8I<\/a><\/p>\n\n\n\n<p>Gracias Javier Villegas por la invitaci\u00f3n, y gracias por la participaci\u00f3n de grandes talentos y nuevas amigas: Ivana Tilca, Leticia Jawad, Leidy Ortiz y Sorey Garcia.<\/p>\n\n\n\n<figure class=\"wp-block-image size-large\"><img loading=\"lazy\" decoding=\"async\" width=\"904\" height=\"507\" src=\"https:\/\/blog.samantha365mx.com\/wp-content\/uploads\/2021\/02\/C4-Azure-en-el-bar.png\" alt=\"\" class=\"wp-image-221\" srcset=\"https:\/\/blog.samantha365mx.com\/wp-content\/uploads\/2021\/02\/C4-Azure-en-el-bar.png 904w, https:\/\/blog.samantha365mx.com\/wp-content\/uploads\/2021\/02\/C4-Azure-en-el-bar-300x168.png 300w, https:\/\/blog.samantha365mx.com\/wp-content\/uploads\/2021\/02\/C4-Azure-en-el-bar-768x431.png 768w\" sizes=\"auto, (max-width: 904px) 100vw, 904px\" \/><\/figure>\n","protected":false},"excerpt":{"rendered":"<p class=\"text-justify\">El pasado 30 de Abril de 2020 estuve en el cuarto capitulo de Azure en el Bar, espacio en que las panelistas [&hellip;]<\/p>\n","protected":false},"author":2,"featured_media":0,"parent":0,"menu_order":0,"comment_status":"closed","ping_status":"closed","template":"","meta":{"footnotes":""},"class_list":["post-219","page","type-page","status-publish","hentry"],"_links":{"self":[{"href":"https:\/\/blog.samantha365mx.com\/index.php\/wp-json\/wp\/v2\/pages\/219","targetHints":{"allow":["GET"]}}],"collection":[{"href":"https:\/\/blog.samantha365mx.com\/index.php\/wp-json\/wp\/v2\/pages"}],"about":[{"href":"https:\/\/blog.samantha365mx.com\/index.php\/wp-json\/wp\/v2\/types\/page"}],"author":[{"embeddable":true,"href":"https:\/\/blog.samantha365mx.com\/index.php\/wp-json\/wp\/v2\/users\/2"}],"replies":[{"embeddable":true,"href":"https:\/\/blog.samantha365mx.com\/index.php\/wp-json\/wp\/v2\/comments?post=219"}],"version-history":[{"count":1,"href":"https:\/\/blog.samantha365mx.com\/index.php\/wp-json\/wp\/v2\/pages\/219\/revisions"}],"predecessor-version":[{"id":222,"href":"https:\/\/blog.samantha365mx.com\/index.php\/wp-json\/wp\/v2\/pages\/219\/revisions\/222"}],"wp:attachment":[{"href":"https:\/\/blog.samantha365mx.com\/index.php\/wp-json\/wp\/v2\/media?parent=219"}],"curies":[{"name":"wp","href":"https:\/\/api.w.org\/{rel}","templated":true}]}}