{"id":341,"date":"2021-02-12T21:28:42","date_gmt":"2021-02-12T21:28:42","guid":{"rendered":"https:\/\/blog.samantha365mx.com\/?page_id=341"},"modified":"2024-02-10T10:35:09","modified_gmt":"2024-02-10T16:35:09","slug":"videos-2","status":"publish","type":"page","link":"https:\/\/blog.samantha365mx.com\/index.php\/videos-2\/","title":{"rendered":"Videos"},"content":{"rendered":"\n<figure class=\"wp-block-embed is-type-video is-provider-youtube wp-block-embed-youtube wp-embed-aspect-16-9 wp-has-aspect-ratio\"><div class=\"wp-block-embed__wrapper\">\n<iframe loading=\"lazy\" title=\"Crea tu primera aplicaci\u00f3n con PowerApps &amp; Microsoft Copilot\" width=\"640\" height=\"360\" src=\"https:\/\/www.youtube.com\/embed\/Srgl75iQiXA?feature=oembed\" frameborder=\"0\" allow=\"accelerometer; autoplay; clipboard-write; encrypted-media; gyroscope; picture-in-picture; web-share\" referrerpolicy=\"strict-origin-when-cross-origin\" allowfullscreen><\/iframe>\n<\/div><figcaption class=\"wp-element-caption\">\u00bfAlguna vez has so\u00f1ado con crear tu propia aplicaci\u00f3n pero no sabes por d\u00f3nde empezar? En esta sesi\u00f3n que brind\u00e9 a <a href=\"https:\/\/www.youtube.com\/hashtag\/mkttotal\">#MKTTotal<\/a> <a href=\"https:\/\/www.youtube.com\/channel\/UCnR7BqzqlwSnUIAdUaQ-d9Q\">@Mercadotecniatotal<\/a> comparto un viaje fascinante hacia el mundo del desarrollo de aplicaciones, gui\u00e1ndote a trav\u00e9s de una sesi\u00f3n interactiva donde aprendes el poder de PowerApps y Microsoft Copilot. En esta sesi\u00f3n muestro una oportunidad \u00fanica para: Explorar las posibilidades ilimitadas de PowerApps. Entender c\u00f3mo Microsoft Copilot puede ser tu aliado en el desarrollo. No dejes pasar esta oportunidad de dar el primer paso hacia la creaci\u00f3n de tu primera aplicaci\u00f3n. \u00a1La tecnolog\u00eda est\u00e1 al alcance de tus manos! \u2728 <a href=\"https:\/\/www.youtube.com\/hashtag\/powerapps\">#PowerApps<\/a> <a href=\"https:\/\/www.youtube.com\/hashtag\/microsoftcopilot\">#MicrosoftCopilot<\/a> <a href=\"https:\/\/www.youtube.com\/hashtag\/desarrollodeapps\">#DesarrolloDeApps<\/a> <a href=\"https:\/\/www.youtube.com\/hashtag\/innovaci%C3%B3ntecnol%C3%B3gica\">#Innovaci\u00f3nTecnol\u00f3gica<\/a> <a href=\"https:\/\/www.youtube.com\/hashtag\/powerplatform\">#powerplatform<\/a> <a href=\"https:\/\/www.youtube.com\/hashtag\/microsoft365\">#Microsoft365<\/a> <a href=\"https:\/\/www.youtube.com\/hashtag\/samantha365mx\">#Samantha365MX<\/a><\/figcaption><\/figure>\n\n\n\n<figure class=\"wp-block-embed is-type-video is-provider-youtube wp-block-embed-youtube wp-embed-aspect-16-9 wp-has-aspect-ratio\"><div class=\"wp-block-embed__wrapper\">\n<iframe loading=\"lazy\" title=\"Saca el provecho a la Inteligencia Artificial aplicado a Microsoft Word\" width=\"640\" height=\"360\" src=\"https:\/\/www.youtube.com\/embed\/fxqOnR0K2go?feature=oembed\" frameborder=\"0\" allow=\"accelerometer; autoplay; clipboard-write; encrypted-media; gyroscope; picture-in-picture; web-share\" referrerpolicy=\"strict-origin-when-cross-origin\" allowfullscreen><\/iframe>\n<\/div><figcaption class=\"wp-element-caption\">Uso de Copilot en Microsoft Word y otras aplicaciones de productividad en Microsoft 365. \u00bfTe interesa aprender como usar Inteligencia Artificial IA en Word ? Grabaci\u00f3n del webinar que brind\u00e9 en el canal de <a href=\"https:\/\/www.youtube.com\/channel\/UCsHzc_hrdtlcARIopfnYCtg\">@Mdimasplatero<\/a> <a href=\"https:\/\/www.youtube.com\/hashtag\/inform%C3%A1ticaentusmanos\">#Inform\u00e1ticaEnTusManos<\/a> gracias por la invitaci\u00f3n. Aprende a usar <a href=\"https:\/\/www.youtube.com\/hashtag\/microsoftcopilot\">#MicrosoftCopilot<\/a> en <a href=\"https:\/\/www.youtube.com\/hashtag\/word\">#Word<\/a> <a href=\"https:\/\/www.youtube.com\/hashtag\/powerpoint\">#PowerPoint<\/a> y otras aplicaciones de <a href=\"https:\/\/www.youtube.com\/hashtag\/microsoft\">#Microsoft<\/a><br><br><\/figcaption><\/figure>\n\n\n\n<figure class=\"wp-block-embed is-type-video is-provider-youtube wp-block-embed-youtube wp-embed-aspect-16-9 wp-has-aspect-ratio\"><div class=\"wp-block-embed__wrapper\">\n<iframe loading=\"lazy\" title=\"COPILOT y PowerPlatform \ud83c\udf10\u2728 La Combinaci\u00f3n Perfecta para Revolucionar tus Procesos con Datos \ud83d\udcbb\" width=\"640\" height=\"360\" src=\"https:\/\/www.youtube.com\/embed\/aBa0dr1w5ko?feature=oembed\" frameborder=\"0\" allow=\"accelerometer; autoplay; clipboard-write; encrypted-media; gyroscope; picture-in-picture; web-share\" referrerpolicy=\"strict-origin-when-cross-origin\" allowfullscreen><\/iframe>\n<\/div><figcaption class=\"wp-element-caption\">COPILOT y PowerPlatform \ud83c\udf10\u2728 La Combinaci\u00f3n Perfecta para Revolucionar tus Procesos con Datos \ud83d\udcbb<\/figcaption><\/figure>\n\n\n\n<p><\/p>\n\n\n\n<p>En este video les cuento como podemos explorar el poder de COPILOT de Microsoft y c\u00f3mo puede integrarse con PowerPlatform para transformar tus proyectos. En este video, descubrir\u00e1s t\u00e9cnicas y estrategias para aprovechar al m\u00e1ximo estas herramientas, optimizando la gesti\u00f3n y an\u00e1lisis de datos. Invitaci\u00f3n a comunidades: Mujeres TICS Latam <a rel=\"noreferrer noopener\" href=\"https:\/\/www.youtube.com\/redirect?event=video_description&amp;redir_token=QUFFLUhqbnJZZDhCWktOS2NkanRpOEU5eWVaLUM4aUo4QXxBQ3Jtc0tuVlA4cGZTdFFhRXEyeU5jTVgwTjRNc0JidVBRWWhrTkpVbVJvTWc2a1E1MjdJSEFUeDlaR1dhUWhNR3BLbXJSUVhscnoxWFNvV2dZUEIwU0ZYc0ZJdXBybXZoUVZCazNEOGdqbGN0NkkwYVZ5VGZVcw&amp;q=https%3A%2F%2Fwww.facebook.com%2Fgroups%2Fmujeresticslatam&amp;v=gBpQrXa44wc\" target=\"_blank\">,<\/a> Microsoft 365 Latam, <\/p>\n\n\n\n<p>ChatGPT vs Microsoft 365 Copilot: \u00bfCu\u00e1l es la diferencia? <a rel=\"noreferrer noopener\" href=\"https:\/\/www.youtube.com\/redirect?event=video_description&amp;redir_token=QUFFLUhqbFAtVkY3V21pOVFKYlRpY2tzamo4R19tM3N6Z3xBQ3Jtc0ttamV1dlNRTWU3dWJNNkhHcTFmcVNkcUpVQnZvejVnS2hKS3hwT2p1aVZGdDRUZlZ1RklIcDBLNFp6bzVhZ0dSeHF6WXB4T0xzQnRSVmltbkYxWEo5RGJsalBreVRGb3l5UTNDcFlsUDllT1RDWXUycw&amp;q=https%3A%2F%2Fsupport.microsoft.com%2Fes-es%2Ftopic%2Fchatgpt-vs-microsoft-365-copilot-cu%25C3%25A1l-es-la-diferencia-8fdec864-72b1-46e1-afcb-8c12280d712f&amp;v=gBpQrXa44wc\" target=\"_blank\">https:\/\/support.microsoft.com\/es-es\/t&#8230;<\/a> <\/p>\n\n\n\n<p>Contacto: <a href=\"mailto:samantha@samantha365mx.com\" target=\"_blank\" rel=\"noreferrer noopener\">samantha@samantha365mx.com<\/a> o al WhatsApp +52 55 3929 7651<\/p>\n\n\n\n<figure class=\"wp-block-embed is-type-video is-provider-youtube wp-block-embed-youtube wp-embed-aspect-16-9 wp-has-aspect-ratio\"><div class=\"wp-block-embed__wrapper\">\n<iframe loading=\"lazy\" title=\"Crea una encuesta de satisfacci\u00f3n para tus clientes en menos de 5 minutos con Microsoft Forms\" width=\"640\" height=\"360\" src=\"https:\/\/www.youtube.com\/embed\/YG67Ym9-eZE?feature=oembed\" frameborder=\"0\" allow=\"accelerometer; autoplay; clipboard-write; encrypted-media; gyroscope; picture-in-picture; web-share\" referrerpolicy=\"strict-origin-when-cross-origin\" allowfullscreen><\/iframe>\n<\/div><figcaption class=\"wp-element-caption\">Crea una encuesta de satisfacci\u00f3n para tus clientes en menos de 5 minutos con Microsoft Forms.<\/figcaption><\/figure>\n","protected":false},"excerpt":{"rendered":"<p class=\"text-justify\">En este video les cuento como podemos explorar el poder de COPILOT de Microsoft y c\u00f3mo puede integrarse con PowerPlatform para transformar [&hellip;]<\/p>\n","protected":false},"author":2,"featured_media":0,"parent":0,"menu_order":0,"comment_status":"closed","ping_status":"closed","template":"","meta":{"footnotes":""},"class_list":["post-341","page","type-page","status-publish","hentry"],"_links":{"self":[{"href":"https:\/\/blog.samantha365mx.com\/index.php\/wp-json\/wp\/v2\/pages\/341","targetHints":{"allow":["GET"]}}],"collection":[{"href":"https:\/\/blog.samantha365mx.com\/index.php\/wp-json\/wp\/v2\/pages"}],"about":[{"href":"https:\/\/blog.samantha365mx.com\/index.php\/wp-json\/wp\/v2\/types\/page"}],"author":[{"embeddable":true,"href":"https:\/\/blog.samantha365mx.com\/index.php\/wp-json\/wp\/v2\/users\/2"}],"replies":[{"embeddable":true,"href":"https:\/\/blog.samantha365mx.com\/index.php\/wp-json\/wp\/v2\/comments?post=341"}],"version-history":[{"count":6,"href":"https:\/\/blog.samantha365mx.com\/index.php\/wp-json\/wp\/v2\/pages\/341\/revisions"}],"predecessor-version":[{"id":935,"href":"https:\/\/blog.samantha365mx.com\/index.php\/wp-json\/wp\/v2\/pages\/341\/revisions\/935"}],"wp:attachment":[{"href":"https:\/\/blog.samantha365mx.com\/index.php\/wp-json\/wp\/v2\/media?parent=341"}],"curies":[{"name":"wp","href":"https:\/\/api.w.org\/{rel}","templated":true}]}}