{"id":580,"date":"2023-03-09T21:27:28","date_gmt":"2023-03-10T02:27:28","guid":{"rendered":"https:\/\/blog.samantha365mx.com\/?page_id=580"},"modified":"2024-03-17T15:15:22","modified_gmt":"2024-03-17T21:15:22","slug":"eventos-2023-2","status":"publish","type":"page","link":"https:\/\/blog.samantha365mx.com\/index.php\/eventos-2023-2\/","title":{"rendered":"Eventos 2023"},"content":{"rendered":"\n<p>En enero iniciamos curso de certificaci\u00f3n con la <strong>comunidad <a rel=\"noreferrer noopener\" href=\"https:\/\/mujeresticslatam.com\/\" target=\"_blank\">Mujeres TICS Latam<\/a><\/strong> de la que soy cofundadora y l\u00edder, participo como organizadora e instructora, acomp\u00e1\u00f1anos.<\/p>\n\n\n\n<figure class=\"wp-block-image size-large is-resized\"><img loading=\"lazy\" decoding=\"async\" width=\"1024\" height=\"1024\" src=\"https:\/\/blog.samantha365mx.com\/wp-content\/uploads\/2023\/03\/sam3-1024x1024.png\" alt=\"\" class=\"wp-image-597\" style=\"width:354px;height:auto\" srcset=\"https:\/\/blog.samantha365mx.com\/wp-content\/uploads\/2023\/03\/sam3-1024x1024.png 1024w, https:\/\/blog.samantha365mx.com\/wp-content\/uploads\/2023\/03\/sam3-300x300.png 300w, https:\/\/blog.samantha365mx.com\/wp-content\/uploads\/2023\/03\/sam3-150x150.png 150w, https:\/\/blog.samantha365mx.com\/wp-content\/uploads\/2023\/03\/sam3-768x767.png 768w, https:\/\/blog.samantha365mx.com\/wp-content\/uploads\/2023\/03\/sam3.png 1081w\" sizes=\"auto, (max-width: 1024px) 100vw, 1024px\" \/><\/figure>\n\n\n\n<p><a rel=\"noreferrer noopener\" href=\"https:\/\/blog.samantha365mx.com\/index.php\/curso-de-certificacion-ms-100\/\" target=\"_blank\">Curso de certificaci\u00f3n MS-100 de forma gratuita todos los mi\u00e9rcoles del 25 de Enero al 26 de Abril 2023.<\/a> &#8211; Gratuito (para miembros de la comunidad Mujeres TICS Latam)<\/p>\n\n\n\n<p>*******************************************************************************<\/p>\n\n\n\n<p><strong>Entrevista que me realiz\u00f3 Alejandra Horvarth <\/strong><a href=\"https:\/\/www.youtube.com\/watch?v=YbBSWMgbYy4\" target=\"_blank\" rel=\"noreferrer noopener\">https:\/\/www.youtube.com\/watch?v=YbBSWMgbYy4<\/a> t\u00edtulada el poder de la comunidad en los datos, en donde habl\u00e9 de mi experiencia profesional, dificultades y estrategias para lograr las metas propuestas, y como colaborar con comunidades t\u00e9cnicas permite el crecimiento, adem\u00e1s de mi especializarci\u00f3n en Microsoft 365.<\/p>\n\n\n\n<figure class=\"wp-block-image size-full is-resized\"><img loading=\"lazy\" decoding=\"async\" width=\"678\" height=\"340\" src=\"https:\/\/blog.samantha365mx.com\/wp-content\/uploads\/2024\/03\/image.png\" alt=\"\" class=\"wp-image-974\" style=\"width:303px;height:auto\" srcset=\"https:\/\/blog.samantha365mx.com\/wp-content\/uploads\/2024\/03\/image.png 678w, https:\/\/blog.samantha365mx.com\/wp-content\/uploads\/2024\/03\/image-300x150.png 300w\" sizes=\"auto, (max-width: 678px) 100vw, 678px\" \/><\/figure>\n\n\n\n<p><\/p>\n\n\n\n<p>*******************************************************************************<\/p>\n\n\n\n<p><strong>Conclusi\u00f3n del curso de certificaci\u00f3n MS-100<\/strong>, despu\u00e9s de una larga jornada de 12 sesiones en vivo, cada mi\u00e9rcoles, desde el 25 de enero al 26 de abril 2023, concluimos el curso de certificaci\u00f3n con ayuda de diversos especialistas de tecnolog\u00eda, esto logrado a trav\u00e9s de la comunidad Mujeres TICS Latam que lidereo, muchas emociones, con asistentes de 8 pa\u00edses diferentes que esperaban cada sesi\u00f3n igual de emocionados que quienes lo organizamos, gracias a cada una de las personas que nos apoyaron, especialmente a Ernesto Cuadra y Lisset De Zapata que estuvieron pendiente de cada sesi\u00f3n transmitida por Microsoft Teams. El seguimiento de cada sesi\u00f3n se publica en el grupo de Facebook de la comunidad<\/p>\n\n\n\n<figure class=\"wp-block-image size-large is-resized\"><img loading=\"lazy\" decoding=\"async\" width=\"1024\" height=\"1024\" src=\"https:\/\/blog.samantha365mx.com\/wp-content\/uploads\/2024\/03\/image-3-1024x1024.png\" alt=\"\" class=\"wp-image-977\" style=\"width:306px;height:auto\" srcset=\"https:\/\/blog.samantha365mx.com\/wp-content\/uploads\/2024\/03\/image-3-1024x1024.png 1024w, https:\/\/blog.samantha365mx.com\/wp-content\/uploads\/2024\/03\/image-3-300x300.png 300w, https:\/\/blog.samantha365mx.com\/wp-content\/uploads\/2024\/03\/image-3-150x150.png 150w, https:\/\/blog.samantha365mx.com\/wp-content\/uploads\/2024\/03\/image-3-768x768.png 768w, https:\/\/blog.samantha365mx.com\/wp-content\/uploads\/2024\/03\/image-3.png 1080w\" sizes=\"auto, (max-width: 1024px) 100vw, 1024px\" \/><\/figure>\n\n\n\n<p>*******************************************************************************<\/p>\n\n\n\n<p>Curso de certificaci\u00f3n PL-900 gratuito por parte de la comunidad Mujeres TICS Latam, Del 17 de mayo al 21 de junio 2023, cada miercoles brindamos sesiones para abarcar los temas de este curso, en donde participaron decenas de personas de diversas edades y pa\u00edses, principalmente mujeres, lo que permiti\u00f3 que varias de ellas pudieran obtener la certificaci\u00f3n tiempo despu\u00e9s.<\/p>\n\n\n\n<figure class=\"wp-block-image size-large is-resized\"><img loading=\"lazy\" decoding=\"async\" width=\"1024\" height=\"1024\" src=\"https:\/\/blog.samantha365mx.com\/wp-content\/uploads\/2024\/03\/image-5-1024x1024.png\" alt=\"\" class=\"wp-image-981\" style=\"width:359px;height:auto\" srcset=\"https:\/\/blog.samantha365mx.com\/wp-content\/uploads\/2024\/03\/image-5-1024x1024.png 1024w, https:\/\/blog.samantha365mx.com\/wp-content\/uploads\/2024\/03\/image-5-300x300.png 300w, https:\/\/blog.samantha365mx.com\/wp-content\/uploads\/2024\/03\/image-5-150x150.png 150w, https:\/\/blog.samantha365mx.com\/wp-content\/uploads\/2024\/03\/image-5-768x768.png 768w, https:\/\/blog.samantha365mx.com\/wp-content\/uploads\/2024\/03\/image-5.png 1080w\" sizes=\"auto, (max-width: 1024px) 100vw, 1024px\" \/><\/figure>\n\n\n\n<p>*******************************************************************************<\/p>\n\n\n\n<p><strong>Organic\u00e9 el Microsoft Build After Party 2023<\/strong>  a trav\u00e9s de la comunidad Mujeres TICS Latam, se programaron 10 sesiones en modelo hibrido, en l\u00ednea y presenciales en la Ciudad de M\u00e9xico, llegando a decenas de personas en diversos pa\u00edses para disfrutar de las actualizaciones de tecnolog\u00eda que tiene Microsoft.<\/p>\n\n\n\n<figure class=\"wp-block-image size-large is-resized\"><img loading=\"lazy\" decoding=\"async\" width=\"683\" height=\"1024\" src=\"https:\/\/blog.samantha365mx.com\/wp-content\/uploads\/2024\/03\/image-6-683x1024.png\" alt=\"\" class=\"wp-image-982\" style=\"width:377px;height:auto\" srcset=\"https:\/\/blog.samantha365mx.com\/wp-content\/uploads\/2024\/03\/image-6-683x1024.png 683w, https:\/\/blog.samantha365mx.com\/wp-content\/uploads\/2024\/03\/image-6-200x300.png 200w, https:\/\/blog.samantha365mx.com\/wp-content\/uploads\/2024\/03\/image-6.png 720w\" sizes=\"auto, (max-width: 683px) 100vw, 683px\" \/><\/figure>\n\n\n\n<p>El objetivo del evento fue celebrar y difundir el conocimiento y la innovaci\u00f3n que Microsoft ofrece a los desarrolladores, as\u00ed como fomentar la inclusi\u00f3n y la diversidad en el sector tecnol\u00f3gico. Desde Mujeres TICS Latam, queremos impulsar el talento y el liderazgo de las mujeres en este campo, y crear una red de apoyo y colaboraci\u00f3n.<\/p>\n\n\n\n<p>Estoy muy satisfecha con los resultados del evento, y agradezco a Microsoft, a los ponentes, a los patrocinadores y a todos los que hicieron posible esta gran experiencia. Espero que hayan disfrutado y aprendido tanto como yo, y que sigamos creciendo juntos como comunidad.<\/p>\n\n\n\n<div class=\"wp-block-columns is-layout-flex wp-container-core-columns-is-layout-9d6595d7 wp-block-columns-is-layout-flex\">\n<div class=\"wp-block-column is-layout-flow wp-block-column-is-layout-flow\" style=\"flex-basis:100%\">\n<figure class=\"wp-block-gallery has-nested-images columns-default is-cropped wp-block-gallery-1 is-layout-flex wp-block-gallery-is-layout-flex\">\n<figure class=\"wp-block-image size-large\"><img loading=\"lazy\" decoding=\"async\" width=\"768\" height=\"1024\" data-id=\"987\" src=\"https:\/\/blog.samantha365mx.com\/wp-content\/uploads\/2024\/03\/3-768x1024.jpg\" alt=\"\" class=\"wp-image-987\" srcset=\"https:\/\/blog.samantha365mx.com\/wp-content\/uploads\/2024\/03\/3-768x1024.jpg 768w, https:\/\/blog.samantha365mx.com\/wp-content\/uploads\/2024\/03\/3-225x300.jpg 225w, https:\/\/blog.samantha365mx.com\/wp-content\/uploads\/2024\/03\/3-1152x1536.jpg 1152w, https:\/\/blog.samantha365mx.com\/wp-content\/uploads\/2024\/03\/3.jpg 1200w\" sizes=\"auto, (max-width: 768px) 100vw, 768px\" \/><\/figure>\n\n\n\n<figure class=\"wp-block-image size-large\"><img loading=\"lazy\" decoding=\"async\" width=\"768\" height=\"1024\" data-id=\"986\" src=\"https:\/\/blog.samantha365mx.com\/wp-content\/uploads\/2024\/03\/2-768x1024.jpg\" alt=\"\" class=\"wp-image-986\" srcset=\"https:\/\/blog.samantha365mx.com\/wp-content\/uploads\/2024\/03\/2-768x1024.jpg 768w, https:\/\/blog.samantha365mx.com\/wp-content\/uploads\/2024\/03\/2-225x300.jpg 225w, https:\/\/blog.samantha365mx.com\/wp-content\/uploads\/2024\/03\/2-1152x1536.jpg 1152w, https:\/\/blog.samantha365mx.com\/wp-content\/uploads\/2024\/03\/2.jpg 1200w\" sizes=\"auto, (max-width: 768px) 100vw, 768px\" \/><\/figure>\n\n\n\n<figure class=\"wp-block-image size-large\"><img loading=\"lazy\" decoding=\"async\" width=\"1200\" height=\"1600\" data-id=\"985\" src=\"https:\/\/blog.samantha365mx.com\/wp-content\/uploads\/2024\/03\/4-768x1024.jpg\" alt=\"\" class=\"wp-image-985\" srcset=\"https:\/\/blog.samantha365mx.com\/wp-content\/uploads\/2024\/03\/4-768x1024.jpg 768w, https:\/\/blog.samantha365mx.com\/wp-content\/uploads\/2024\/03\/4-225x300.jpg 225w, https:\/\/blog.samantha365mx.com\/wp-content\/uploads\/2024\/03\/4-1152x1536.jpg 1152w, https:\/\/blog.samantha365mx.com\/wp-content\/uploads\/2024\/03\/4.jpg 1200w\" sizes=\"auto, (max-width: 1200px) 100vw, 1200px\" \/><\/figure>\n\n\n\n<figure class=\"wp-block-image size-large\"><img loading=\"lazy\" decoding=\"async\" width=\"768\" height=\"1024\" data-id=\"984\" src=\"https:\/\/blog.samantha365mx.com\/wp-content\/uploads\/2024\/03\/1-768x1024.jpg\" alt=\"\" class=\"wp-image-984\" srcset=\"https:\/\/blog.samantha365mx.com\/wp-content\/uploads\/2024\/03\/1-768x1024.jpg 768w, https:\/\/blog.samantha365mx.com\/wp-content\/uploads\/2024\/03\/1-225x300.jpg 225w, https:\/\/blog.samantha365mx.com\/wp-content\/uploads\/2024\/03\/1-1152x1536.jpg 1152w, https:\/\/blog.samantha365mx.com\/wp-content\/uploads\/2024\/03\/1.jpg 1200w\" sizes=\"auto, (max-width: 768px) 100vw, 768px\" \/><\/figure>\n\n\n\n<figure class=\"wp-block-image size-large\"><img loading=\"lazy\" decoding=\"async\" width=\"768\" height=\"1024\" data-id=\"983\" src=\"https:\/\/blog.samantha365mx.com\/wp-content\/uploads\/2024\/03\/5-768x1024.jpg\" alt=\"\" class=\"wp-image-983\" srcset=\"https:\/\/blog.samantha365mx.com\/wp-content\/uploads\/2024\/03\/5-768x1024.jpg 768w, https:\/\/blog.samantha365mx.com\/wp-content\/uploads\/2024\/03\/5-225x300.jpg 225w, https:\/\/blog.samantha365mx.com\/wp-content\/uploads\/2024\/03\/5-1152x1536.jpg 1152w, https:\/\/blog.samantha365mx.com\/wp-content\/uploads\/2024\/03\/5.jpg 1200w\" sizes=\"auto, (max-width: 768px) 100vw, 768px\" \/><\/figure>\n\n\n\n<figure class=\"wp-block-image size-large\"><img loading=\"lazy\" decoding=\"async\" width=\"1024\" height=\"768\" data-id=\"990\" src=\"https:\/\/blog.samantha365mx.com\/wp-content\/uploads\/2024\/03\/6-1024x768.jpg\" alt=\"\" class=\"wp-image-990\" srcset=\"https:\/\/blog.samantha365mx.com\/wp-content\/uploads\/2024\/03\/6-1024x768.jpg 1024w, https:\/\/blog.samantha365mx.com\/wp-content\/uploads\/2024\/03\/6-300x225.jpg 300w, https:\/\/blog.samantha365mx.com\/wp-content\/uploads\/2024\/03\/6-768x576.jpg 768w, https:\/\/blog.samantha365mx.com\/wp-content\/uploads\/2024\/03\/6-1536x1152.jpg 1536w, https:\/\/blog.samantha365mx.com\/wp-content\/uploads\/2024\/03\/6.jpg 2048w\" sizes=\"auto, (max-width: 1024px) 100vw, 1024px\" \/><\/figure>\n<\/figure>\n<\/div>\n<\/div>\n\n\n\n<p>Curso de certificaci\u00f3n Power BI Fundamentals, con la comunidad Mujeres TICS Latam, los martes 5, 12 y 19 de Septiembre y 3, 10 y 17 de Octubre de 2023. &#8211; Gratuito (para miembros de la comunidad Mujeres TICS Latam)<\/p>\n\n\n\n<p>2do Aniversario de la comunidad Mujeres TICS Latam &#8211; Ser\u00e1 presencial en ciudad de M\u00e9xico y conexi\u00f3n por Internet a trav\u00e9s de Microsoft Teams para las personas que nos siguen en 23 pa\u00edses &#8211; 29 y 30 de Septiembre 2023.<\/p>\n\n\n\n<p>Curso de certificaci\u00f3n Microsoft Power Automate Fundamentals los martes, del 7 de Noviembre al 12 de Diciembre de 2023. &#8211; Gratuito (para miembros de la comunidad Mujeres TICS Latam)<\/p>\n\n\n\n<p>Ciclo de conferencias &#8211; 15 de Diciembre 2023. <\/p>\n\n\n\n<p>M\u00e1s los eventos externos que sumen \ud83d\ude42<\/p>\n\n\n\n<p>Nuestro Ciclo de Conferencias N.8 de la nuestra comunidad&nbsp;<a href=\"https:\/\/www.facebook.com\/groups\/mujeresticslatam\/?__cft__[0]=AZWmuwycMuhJMHAZVBT0FQPPvgiwOunmJa-pZPx8C3aypsS0BjRcfQiPrN4KhG6-p47rFhjVYQ4ppU3qdMMwb59a4T_T5MzWYj7sXtBBTBlE0hEUYGTMqVSdbgeOjzo8w4bXlvnC36fgDqwU1ZmMGBxVj_lMzQzE1eO0oLuUeduxEPt4jIwXLyeMZWe6eaO40Zs&amp;__tn__=-UK-R\">MujeresTICSLatam<\/a>&nbsp;esta por comenzar, te compartimos la agenda del primer d\u00eda, recuerda apartar lis d\u00edas 8 y 9 de Diciembre 2023.<\/p>\n\n\n\n<p>Registro gratuito:<br><a href=\"https:\/\/bit.ly\/EventoComunidadMujeresTICSLatam?fbclid=IwAR3qPgoNhow9QS8fIk0ePCmhJYv7M2u0ovCe02WIxA8k05WUxAmGn7hWDzs\" rel=\"noreferrer noopener\" target=\"_blank\">https:\/\/bit.ly\/EventoComunidadMujeresTICSLatam<\/a><\/p>\n\n\n\n<p>Agenda Ciclo de Conferencias:<br><a href=\"https:\/\/bit.ly\/3uEnYZy?fbclid=IwAR0XcZrnbpp4k_8pMOAEMpDS8XocFV0Ue8tJw0IZTsAzqb57_hqKRaM6Vmc\" rel=\"noreferrer noopener\" target=\"_blank\">https:\/\/bit.ly\/3uEnYZy<\/a><\/p>\n\n\n\n<figure class=\"wp-block-image size-large is-resized\"><img loading=\"lazy\" decoding=\"async\" width=\"1024\" height=\"1024\" src=\"https:\/\/blog.samantha365mx.com\/wp-content\/uploads\/2023\/12\/image-2-1024x1024.png\" alt=\"\" class=\"wp-image-866\" style=\"width:507px;height:507px\" srcset=\"https:\/\/blog.samantha365mx.com\/wp-content\/uploads\/2023\/12\/image-2-1024x1024.png 1024w, https:\/\/blog.samantha365mx.com\/wp-content\/uploads\/2023\/12\/image-2-300x300.png 300w, https:\/\/blog.samantha365mx.com\/wp-content\/uploads\/2023\/12\/image-2-150x150.png 150w, https:\/\/blog.samantha365mx.com\/wp-content\/uploads\/2023\/12\/image-2-768x768.png 768w, https:\/\/blog.samantha365mx.com\/wp-content\/uploads\/2023\/12\/image-2.png 1080w\" sizes=\"auto, (max-width: 1024px) 100vw, 1024px\" \/><\/figure>\n","protected":false},"excerpt":{"rendered":"<p class=\"text-justify\">En enero iniciamos curso de certificaci\u00f3n con la comunidad Mujeres TICS Latam de la que soy cofundadora y l\u00edder, participo como organizadora [&hellip;]<\/p>\n","protected":false},"author":2,"featured_media":0,"parent":0,"menu_order":0,"comment_status":"closed","ping_status":"closed","template":"","meta":{"footnotes":""},"class_list":["post-580","page","type-page","status-publish","hentry"],"_links":{"self":[{"href":"https:\/\/blog.samantha365mx.com\/index.php\/wp-json\/wp\/v2\/pages\/580","targetHints":{"allow":["GET"]}}],"collection":[{"href":"https:\/\/blog.samantha365mx.com\/index.php\/wp-json\/wp\/v2\/pages"}],"about":[{"href":"https:\/\/blog.samantha365mx.com\/index.php\/wp-json\/wp\/v2\/types\/page"}],"author":[{"embeddable":true,"href":"https:\/\/blog.samantha365mx.com\/index.php\/wp-json\/wp\/v2\/users\/2"}],"replies":[{"embeddable":true,"href":"https:\/\/blog.samantha365mx.com\/index.php\/wp-json\/wp\/v2\/comments?post=580"}],"version-history":[{"count":12,"href":"https:\/\/blog.samantha365mx.com\/index.php\/wp-json\/wp\/v2\/pages\/580\/revisions"}],"predecessor-version":[{"id":992,"href":"https:\/\/blog.samantha365mx.com\/index.php\/wp-json\/wp\/v2\/pages\/580\/revisions\/992"}],"wp:attachment":[{"href":"https:\/\/blog.samantha365mx.com\/index.php\/wp-json\/wp\/v2\/media?parent=580"}],"curies":[{"name":"wp","href":"https:\/\/api.w.org\/{rel}","templated":true}]}}