{"id":813,"date":"2023-08-27T10:13:40","date_gmt":"2023-08-27T16:13:40","guid":{"rendered":"https:\/\/blog.samantha365mx.com\/?page_id=813"},"modified":"2024-03-11T10:00:42","modified_gmt":"2024-03-11T16:00:42","slug":"capacitacion","status":"publish","type":"page","link":"https:\/\/blog.samantha365mx.com\/index.php\/capacitacion\/","title":{"rendered":"Capacitaci\u00f3n"},"content":{"rendered":"\n<p>Mi nombre es Samantha Villarreal Torres, soy especialista en tecnolog\u00eda Microsoft, fu\u00ed la primer persona en ser reconocida como Profesional M\u00e1s Valioso de Microsoft en la categoria de Office 365 en M\u00e9xico y ahora Microsoft 365 para M\u00e9xico y Latinoamerica, llevo 9 a\u00f1os con este reconocimiento por la labor de apoyo a comunidades de tecnolog\u00eda para mejorar sus habilidades t\u00e9cnicas dando capacitaci\u00f3n, consultor\u00eda, conferencias nacionales e internacionales. <\/p>\n\n\n\n<p>Puedes conocer m\u00e1s del programa Microsoft MVP: <a rel=\"noreferrer noopener\" href=\"https:\/\/mvp.microsoft.com\/\" target=\"_blank\">https:\/\/mvp.microsoft.com\/<\/a> en este blog tambi\u00e9n encontrar\u00e1s parte de mi historia.<\/p>\n\n\n\n<p>Y este es mi perfil como MVP: <a href=\"https:\/\/mvp.microsoft.com\/en-US\/MVP\/profile\/3f3da3de-edcc-e411-95d3-6c3be5a8e740\" target=\"_blank\" rel=\"noreferrer noopener\">https:\/\/mvp.microsoft.com\/en-US\/MVP\/profile\/3f3da3de-edcc-e411-95d3-6c3be5a8e740<\/a> <\/p>\n\n\n\n<p>Conozco todo Microsoft 365 (con diverso grado de especialidad) me refiero a todas las herramientas que aparecen en la infograf\u00eda, m\u00e1s los Centros de Adminsitraci\u00f3n de cada tecnolog\u00eda que tiene. Colaboremos juntos. \u00bfCu\u00e1l te gustar\u00eda aprender?<\/p>\n\n\n\n<figure class=\"wp-block-image size-large\"><img loading=\"lazy\" decoding=\"async\" width=\"1024\" height=\"1017\" src=\"https:\/\/blog.samantha365mx.com\/wp-content\/uploads\/2024\/03\/Microsoft-365-1024x1017.jpg\" alt=\"\" class=\"wp-image-965\" srcset=\"https:\/\/blog.samantha365mx.com\/wp-content\/uploads\/2024\/03\/Microsoft-365-1024x1017.jpg 1024w, https:\/\/blog.samantha365mx.com\/wp-content\/uploads\/2024\/03\/Microsoft-365-300x298.jpg 300w, https:\/\/blog.samantha365mx.com\/wp-content\/uploads\/2024\/03\/Microsoft-365-150x150.jpg 150w, https:\/\/blog.samantha365mx.com\/wp-content\/uploads\/2024\/03\/Microsoft-365-768x763.jpg 768w, https:\/\/blog.samantha365mx.com\/wp-content\/uploads\/2024\/03\/Microsoft-365-1536x1526.jpg 1536w, https:\/\/blog.samantha365mx.com\/wp-content\/uploads\/2024\/03\/Microsoft-365.jpg 2048w\" sizes=\"auto, (max-width: 1024px) 100vw, 1024px\" \/><\/figure>\n\n\n\n<div class=\"wp-block-columns is-layout-flex wp-container-core-columns-is-layout-9d6595d7 wp-block-columns-is-layout-flex\">\n<div class=\"wp-block-column is-layout-flow wp-block-column-is-layout-flow\">\n<figure class=\"wp-block-image size-full\"><img loading=\"lazy\" decoding=\"async\" width=\"720\" height=\"719\" src=\"https:\/\/blog.samantha365mx.com\/wp-content\/uploads\/2023\/12\/image.png\" alt=\"\" class=\"wp-image-844\" srcset=\"https:\/\/blog.samantha365mx.com\/wp-content\/uploads\/2023\/12\/image.png 720w, https:\/\/blog.samantha365mx.com\/wp-content\/uploads\/2023\/12\/image-300x300.png 300w, https:\/\/blog.samantha365mx.com\/wp-content\/uploads\/2023\/12\/image-150x150.png 150w\" sizes=\"auto, (max-width: 720px) 100vw, 720px\" \/><\/figure>\n\n\n\n<figure class=\"wp-block-image size-full is-resized\"><img loading=\"lazy\" decoding=\"async\" width=\"354\" height=\"142\" src=\"https:\/\/blog.samantha365mx.com\/wp-content\/uploads\/2023\/12\/image-1.png\" alt=\"\" class=\"wp-image-845\" style=\"width:400px;height:160px\" srcset=\"https:\/\/blog.samantha365mx.com\/wp-content\/uploads\/2023\/12\/image-1.png 354w, https:\/\/blog.samantha365mx.com\/wp-content\/uploads\/2023\/12\/image-1-300x120.png 300w\" sizes=\"auto, (max-width: 354px) 100vw, 354px\" \/><\/figure>\n<\/div>\n\n\n\n<div class=\"wp-block-column is-layout-flow wp-block-column-is-layout-flow\">\n<p>Escribeme y recibe una propuesta de colaboraci\u00f3n: <a href=\"mailto:samantha@samantha365mx.com\">samantha@samantha365mx.com<\/a><\/p>\n\n\n\n<p>WhatsApp +52 55 3929 7651<\/p>\n\n\n\n<p>Si requieres apoyo en la adopci\u00f3n de tecnolog\u00eda para tu empresa o aprendizaje especializado en otras aplicaciones de Microsoft 365 puedo ayudarte.<\/p>\n\n\n\n<p><\/p>\n<\/div>\n<\/div>\n","protected":false},"excerpt":{"rendered":"<p class=\"text-justify\">Mi nombre es Samantha Villarreal Torres, soy especialista en tecnolog\u00eda Microsoft, fu\u00ed la primer persona en ser reconocida como Profesional M\u00e1s Valioso [&hellip;]<\/p>\n","protected":false},"author":2,"featured_media":0,"parent":0,"menu_order":0,"comment_status":"closed","ping_status":"closed","template":"","meta":{"footnotes":""},"class_list":["post-813","page","type-page","status-publish","hentry"],"_links":{"self":[{"href":"https:\/\/blog.samantha365mx.com\/index.php\/wp-json\/wp\/v2\/pages\/813","targetHints":{"allow":["GET"]}}],"collection":[{"href":"https:\/\/blog.samantha365mx.com\/index.php\/wp-json\/wp\/v2\/pages"}],"about":[{"href":"https:\/\/blog.samantha365mx.com\/index.php\/wp-json\/wp\/v2\/types\/page"}],"author":[{"embeddable":true,"href":"https:\/\/blog.samantha365mx.com\/index.php\/wp-json\/wp\/v2\/users\/2"}],"replies":[{"embeddable":true,"href":"https:\/\/blog.samantha365mx.com\/index.php\/wp-json\/wp\/v2\/comments?post=813"}],"version-history":[{"count":16,"href":"https:\/\/blog.samantha365mx.com\/index.php\/wp-json\/wp\/v2\/pages\/813\/revisions"}],"predecessor-version":[{"id":966,"href":"https:\/\/blog.samantha365mx.com\/index.php\/wp-json\/wp\/v2\/pages\/813\/revisions\/966"}],"wp:attachment":[{"href":"https:\/\/blog.samantha365mx.com\/index.php\/wp-json\/wp\/v2\/media?parent=813"}],"curies":[{"name":"wp","href":"https:\/\/api.w.org\/{rel}","templated":true}]}}