{"id":879,"date":"2023-12-06T15:50:23","date_gmt":"2023-12-06T21:50:23","guid":{"rendered":"https:\/\/blog.samantha365mx.com\/?page_id=879"},"modified":"2023-12-06T15:51:13","modified_gmt":"2023-12-06T21:51:13","slug":"donde-utiliza-microsoft-a-copilot","status":"publish","type":"page","link":"https:\/\/blog.samantha365mx.com\/index.php\/donde-utiliza-microsoft-a-copilot\/","title":{"rendered":"\u00bfD\u00f3nde utiliza Microsoft a Copilot?"},"content":{"rendered":"\n<p><strong>Microsoft Bing<\/strong><strong> <\/strong><strong>Chat<\/strong><strong> <\/strong><strong>Enterprise<\/strong><strong> <\/strong><strong>\u2013 <\/strong><strong>ahora<\/strong><strong> se llama Microsoft Copilot &#8211; <\/strong><a href=\"https:\/\/copilot.microsoft.com\/\">https:\/\/copilot.microsoft.com\/<\/a><\/p>\n\n\n\n<p>Est\u00e1 disponible sin costo adicional para Microsoft 365 E3, E5, F3, A3 o A5 para usuarios docentes, Empresa Premium y Empresa Est\u00e1ndar que hayan iniciado sesi\u00f3n con una cuenta profesional o educativa., Cumpli\u00f3 1 a\u00f1o <a href=\"https:\/\/news.microsoft.com\/source\/latam\/noticias-de-microsoft\/celebramos-el-primer-ano-de-copilot-con-innovaciones-significativas\/\">https:\/\/news.microsoft.com\/source\/latam\/noticias-de-microsoft\/celebramos-el-primer-ano-de-copilot-con-innovaciones-significativas\/<\/a><\/p>\n\n\n\n<p><strong>Microsoft Copilot para Microsoft 365 <\/strong>es diferente tiene costo adicional para el Copilot M365 con una l\u00ednea de base de licencia m\u00ednima de 300 usuarios y solo est\u00e1 disponible con los modelos de licencia establecidos se integra a Word, Excel, PowerPoint, Teams, Loop, etc. <a href=\"https:\/\/www.microsoft.com\/en-us\/microsoft-365\/blog\/2023\/03\/16\/introducing-microsoft-365-copilot-a-whole-new-way-to-work\/\">https:\/\/www.microsoft.com\/en-us\/microsoft-365\/blog\/2023\/03\/16\/introducing-microsoft-365-copilot-a-whole-new-way-to-work\/<\/a> y <a href=\"https:\/\/blogs.microsoft.com\/blog\/2023\/03\/16\/introducing-microsoft-365-copilot-your-copilot-for-work\/\">https:\/\/blogs.microsoft.com\/blog\/2023\/03\/16\/introducing-microsoft-365-copilot-your-copilot-for-work\/<\/a> y <a href=\"https:\/\/learn.microsoft.com\/es-es\/microsoft-365-copilot\/microsoft-365-copilot-overview\">https:\/\/learn.microsoft.com\/es-es\/microsoft-365-copilot\/microsoft-365-copilot-overview<\/a><\/p>\n\n\n\n<p><strong>Licencia que aparece Microsoft Copilot Studio \u2013 Se usa para Microsoft Power Virtual <\/strong><strong>Agents<\/strong><\/p>\n\n\n\n<p>&nbsp;Esta herramienta ampl\u00eda las capacidades de Copilot al permitirte conectarlo f\u00e1cilmente a tus datos mediante complementos y modelos de lenguaje predise\u00f1ados o personalizados y ocuparlo en los bots que pueden crearse. Y es diferente al licenciamiento anterior <a href=\"https:\/\/powervirtualagents.microsoft.com\/en-us\/blog\/microsoft-power-virtual-agents-now-part-of-microsoft-copilot-studio\/\">https:\/\/powervirtualagents.microsoft.com\/en-us\/blog\/microsoft-power-virtual-agents-now-part-of-microsoft-copilot-studio\/<\/a><\/p>\n\n\n\n<p><\/p>\n","protected":false},"excerpt":{"rendered":"<p class=\"text-justify\">Microsoft Bing Chat Enterprise \u2013 ahora se llama Microsoft Copilot &#8211; https:\/\/copilot.microsoft.com\/ Est\u00e1 disponible sin costo adicional para Microsoft 365 E3, E5, [&hellip;]<\/p>\n","protected":false},"author":2,"featured_media":881,"parent":0,"menu_order":0,"comment_status":"closed","ping_status":"closed","template":"","meta":{"footnotes":""},"class_list":["post-879","page","type-page","status-publish","has-post-thumbnail","hentry"],"_links":{"self":[{"href":"https:\/\/blog.samantha365mx.com\/index.php\/wp-json\/wp\/v2\/pages\/879","targetHints":{"allow":["GET"]}}],"collection":[{"href":"https:\/\/blog.samantha365mx.com\/index.php\/wp-json\/wp\/v2\/pages"}],"about":[{"href":"https:\/\/blog.samantha365mx.com\/index.php\/wp-json\/wp\/v2\/types\/page"}],"author":[{"embeddable":true,"href":"https:\/\/blog.samantha365mx.com\/index.php\/wp-json\/wp\/v2\/users\/2"}],"replies":[{"embeddable":true,"href":"https:\/\/blog.samantha365mx.com\/index.php\/wp-json\/wp\/v2\/comments?post=879"}],"version-history":[{"count":2,"href":"https:\/\/blog.samantha365mx.com\/index.php\/wp-json\/wp\/v2\/pages\/879\/revisions"}],"predecessor-version":[{"id":883,"href":"https:\/\/blog.samantha365mx.com\/index.php\/wp-json\/wp\/v2\/pages\/879\/revisions\/883"}],"wp:featuredmedia":[{"embeddable":true,"href":"https:\/\/blog.samantha365mx.com\/index.php\/wp-json\/wp\/v2\/media\/881"}],"wp:attachment":[{"href":"https:\/\/blog.samantha365mx.com\/index.php\/wp-json\/wp\/v2\/media?parent=879"}],"curies":[{"name":"wp","href":"https:\/\/api.w.org\/{rel}","templated":true}]}}